-- https://www.phpmyadmin.net/
--

START TRANSACTION;



-- --------------------------------------------------------

--
-- Table structure for table `departments`
--

CREATE TABLE `departments` (
  `id` bigint(20) UNSIGNED NOT NULL,
  `name` varchar(255) NOT NULL,
  `description` varchar(255) DEFAULT NULL,
  `code` varchar(255) DEFAULT NULL,
  `manager_name` varchar(255) DEFAULT NULL,
  `manager_email` varchar(255) DEFAULT NULL,
  `is_active` tinyint(1) NOT NULL DEFAULT 1,
  `created_at` timestamp NULL DEFAULT NULL,
  `updated_at` timestamp NULL DEFAULT NULL
) ENGINE=InnoDB DEFAULT CHARSET=utf8mb4 COLLATE=utf8mb4_unicode_ci;

--
-- Dumping data for table `departments`
--

INSERT INTO `departments` (`id`, `name`, `description`, `code`, `manager_name`, `manager_email`, `is_active`, `created_at`, `updated_at`) VALUES
(1, 'Test Department', NULL, NULL, NULL, NULL, 1, '2025-10-04 06:45:43', '2025-10-04 06:45:43');

-- --------------------------------------------------------

--
-- Table structure for table `failed_jobs`
--

CREATE TABLE `failed_jobs` (
  `id` bigint(20) UNSIGNED NOT NULL,
  `uuid` varchar(255) NOT NULL,
  `connection` text NOT NULL,
  `queue` text NOT NULL,
  `payload` longtext NOT NULL,
  `exception` longtext NOT NULL,
  `failed_at` timestamp NOT NULL DEFAULT current_timestamp()
) ENGINE=InnoDB DEFAULT CHARSET=utf8mb4 COLLATE=utf8mb4_unicode_ci;

-- --------------------------------------------------------

--
-- Table structure for table `footer_menus`
--

CREATE TABLE `footer_menus` (
  `id` bigint(20) UNSIGNED NOT NULL,
  `title` varchar(255) NOT NULL,
  `slug` varchar(255) NOT NULL,
  `order` int(11) NOT NULL DEFAULT 0,
  `is_active` tinyint(1) NOT NULL DEFAULT 1,
  `created_at` timestamp NULL DEFAULT NULL,
  `updated_at` timestamp NULL DEFAULT NULL
) ENGINE=InnoDB DEFAULT CHARSET=utf8mb4 COLLATE=utf8mb4_unicode_ci;

-- --------------------------------------------------------

--
-- Table structure for table `footer_menu_items`
--

CREATE TABLE `footer_menu_items` (
  `id` bigint(20) UNSIGNED NOT NULL,
  `footer_menu_id` bigint(20) UNSIGNED NOT NULL,
  `title` varchar(255) NOT NULL,
  `url` varchar(255) NOT NULL,
  `order` int(11) NOT NULL DEFAULT 0,
  `is_active` tinyint(1) NOT NULL DEFAULT 1,
  `created_at` timestamp NULL DEFAULT NULL,
  `updated_at` timestamp NULL DEFAULT NULL
) ENGINE=InnoDB DEFAULT CHARSET=utf8mb4 COLLATE=utf8mb4_unicode_ci;

-- --------------------------------------------------------

--
-- Table structure for table `jobs`
--

CREATE TABLE `jobs` (
  `id` bigint(20) UNSIGNED NOT NULL,
  `queue` varchar(255) NOT NULL,
  `payload` longtext NOT NULL,
  `attempts` tinyint(3) UNSIGNED NOT NULL,
  `reserved_at` int(10) UNSIGNED DEFAULT NULL,
  `available_at` int(10) UNSIGNED NOT NULL,
  `created_at` int(10) UNSIGNED NOT NULL
) ENGINE=InnoDB DEFAULT CHARSET=utf8mb4 COLLATE=utf8mb4_unicode_ci;

-- --------------------------------------------------------

--
-- Table structure for table `job_batches`
--

CREATE TABLE `job_batches` (
  `id` varchar(255) NOT NULL,
  `name` varchar(255) NOT NULL,
  `total_jobs` int(11) NOT NULL,
  `pending_jobs` int(11) NOT NULL,
  `failed_jobs` int(11) NOT NULL,
  `failed_job_ids` longtext NOT NULL,
  `options` mediumtext DEFAULT NULL,
  `cancelled_at` int(11) DEFAULT NULL,
  `created_at` int(11) NOT NULL,
  `finished_at` int(11) DEFAULT NULL
) ENGINE=InnoDB DEFAULT CHARSET=utf8mb4 COLLATE=utf8mb4_unicode_ci;

-- --------------------------------------------------------

--
-- Table structure for table `migrations`
--

CREATE TABLE `migrations` (
  `id` int(10) UNSIGNED NOT NULL,
  `migration` varchar(255) NOT NULL,
  `batch` int(11) NOT NULL
) ENGINE=InnoDB DEFAULT CHARSET=utf8mb4 COLLATE=utf8mb4_unicode_ci;

--
-- Dumping data for table `migrations`
--

INSERT INTO `migrations` (`id`, `migration`, `batch`) VALUES
(1, '0001_01_01_000000_create_users_table', 1),
(2, '0001_01_01_000001_create_cache_table', 1),
(3, '0001_01_01_000002_create_jobs_table', 1),
(4, '2025_09_26_173417_create_products_table', 1),
(5, '2025_09_26_173431_create_news_table', 1),
(6, '2025_09_26_173444_create_footer_menus_table', 1),
(7, '2025_09_26_173456_create_footer_menu_items_table', 1),
(8, '2025_09_26_173508_create_settings_table', 1),
(9, '2025_09_29_091459_create_job_positions_table', 1),
(10, '2025_09_29_121730_create_job_applications_table', 1),
(11, '2025_09_29_172218_create_career_enquiries_table', 1),
(12, '2025_09_30_063355_create_roles_table', 1),
(13, '2025_09_30_063413_create_permissions_table', 1),
(14, '2025_09_30_063430_create_role_permissions_table', 1),
(15, '2025_09_30_063448_enhance_users_table', 1),
(16, '2025_09_30_063530_create_user_activities_table', 1),
(17, '2025_09_30_072133_create_departments_table', 1),
(18, '2025_09_30_080714_create_categories_table', 1),
(19, '2025_09_30_080826_update_news_table_for_categories', 1),
(20, '2025_09_30_084534_create_videos_table', 1),
(21, '2025_09_30_091622_add_thumbnail_path_to_videos_table', 1),
(22, '2025_09_30_100915_add_type_to_categories_table', 1),
(23, '2025_09_30_103337_create_reports_table', 1),
(24, '2025_09_30_121317_create_investor_inquiries_table', 1),
(25, '2025_09_30_135407_create_team_members_table', 1),
(26, '2025_09_30_142648_create_contact_inquiries_table', 1),
(27, '2025_09_30_172451_create_product_categories_table', 1),
(28, '2025_09_30_172501_create_product_standards_table', 1),
(29, '2025_09_30_172511_create_product_applications_table', 1),
(30, '2025_09_30_172531_create_product_specifications_table', 1),
(31, '2025_10_01_111012_create_product_subcategories_table', 1),
(32, '2025_10_01_111040_modify_product_applications_add_subcategory_reference', 1),
(33, '2025_10_01_181443_create_pages_table', 1),
(34, '2025_10_01_184722_create_video_settings_table', 1),
(35, '2025_10_03_074625_create_site_settings_table', 1),
(36, '2025_10_03_172214_add_application_id_to_products_table', 2),
(37, '2025_10_03_175227_add_is_active_to_product_specifications_table', 3),
(38, '2025_10_03_175352_add_technical_spec_fields_to_product_specifications_table', 4);

-- --------------------------------------------------------

--
-- Table structure for table `permissions`
--

CREATE TABLE `permissions` (
  `id` bigint(20) UNSIGNED NOT NULL,
  `name` varchar(255) NOT NULL,
  `display_name` varchar(255) NOT NULL,
  `description` text DEFAULT NULL,
  `group` varchar(255) DEFAULT NULL,
  `created_at` timestamp NULL DEFAULT NULL,
  `updated_at` timestamp NULL DEFAULT NULL
) ENGINE=InnoDB DEFAULT CHARSET=utf8mb4 COLLATE=utf8mb4_unicode_ci;

--
-- Dumping data for table `permissions`
--

INSERT INTO `permissions` (`id`, `name`, `display_name`, `description`, `group`, `created_at`, `updated_at`) VALUES
(1, 'view_users', 'View Users', 'Can view user list', NULL, '2025-10-03 08:54:34', '2025-10-03 08:54:34'),
(2, 'create_users', 'Create Users', 'Can create new users', NULL, '2025-10-03 08:54:34', '2025-10-03 08:54:34'),
(3, 'edit_users', 'Edit Users', 'Can edit user information', NULL, '2025-10-03 08:54:34', '2025-10-03 08:54:34'),
(4, 'delete_users', 'Delete Users', 'Can delete users', NULL, '2025-10-03 08:54:34', '2025-10-03 08:54:34'),
(5, 'manage_roles', 'Manage Roles', 'Can manage roles and permissions', NULL, '2025-10-03 08:54:34', '2025-10-03 08:54:34'),
(6, 'view_roles', 'View Roles', 'Can view roles', NULL, '2025-10-03 08:54:34', '2025-10-03 08:54:34'),
(7, 'create_roles', 'Create Roles', 'Can create new roles', NULL, '2025-10-03 08:54:34', '2025-10-03 08:54:34'),
(8, 'edit_roles', 'Edit Roles', 'Can edit roles', NULL, '2025-10-03 08:54:34', '2025-10-03 08:54:34'),
(9, 'delete_roles', 'Delete Roles', 'Can delete roles', NULL, '2025-10-03 08:54:34', '2025-10-03 08:54:34'),
(10, 'manage_departments', 'Manage Departments', 'Can manage departments', NULL, '2025-10-03 08:54:34', '2025-10-03 08:54:34'),
(11, 'view_departments', 'View Departments', 'Can view departments', NULL, '2025-10-03 08:54:34', '2025-10-03 08:54:34'),
(12, 'view_activity_logs', 'View Activity Logs', 'Can view system activity logs', NULL, '2025-10-03 08:54:34', '2025-10-03 08:54:34'),
(13, 'view_news', 'View News', 'Can view news articles', NULL, '2025-10-03 08:54:34', '2025-10-03 08:54:34'),
(14, 'create_news', 'Create News', 'Can create news articles', NULL, '2025-10-03 08:54:34', '2025-10-03 08:54:34'),
(15, 'edit_news', 'Edit News', 'Can edit news articles', NULL, '2025-10-03 08:54:34', '2025-10-03 08:54:34'),
(16, 'delete_news', 'Delete News', 'Can delete news articles', NULL, '2025-10-03 08:54:34', '2025-10-03 08:54:34'),
(17, 'publish_news', 'Publish News', 'Can publish/unpublish news', NULL, '2025-10-03 08:54:34', '2025-10-03 08:54:34'),
(18, 'view_videos', 'View Videos', 'Can view videos', NULL, '2025-10-03 08:54:34', '2025-10-03 08:54:34'),
(19, 'create_videos', 'Create Videos', 'Can create videos', NULL, '2025-10-03 08:54:34', '2025-10-03 08:54:34'),
(20, 'edit_videos', 'Edit Videos', 'Can edit videos', NULL, '2025-10-03 08:54:34', '2025-10-03 08:54:34'),
(21, 'delete_videos', 'Delete Videos', 'Can delete videos', NULL, '2025-10-03 08:54:34', '2025-10-03 08:54:34'),
(22, 'view_products', 'View Products', 'Can view products', NULL, '2025-10-03 08:54:34', '2025-10-03 08:54:34'),
(23, 'create_products', 'Create Products', 'Can create products', NULL, '2025-10-03 08:54:34', '2025-10-03 08:54:34'),
(24, 'edit_products', 'Edit Products', 'Can edit products', NULL, '2025-10-03 08:54:34', '2025-10-03 08:54:34'),
(25, 'delete_products', 'Delete Products', 'Can delete products', NULL, '2025-10-03 08:54:34', '2025-10-03 08:54:34'),
(26, 'view_categories', 'View Categories', 'Can view categories', NULL, '2025-10-03 08:54:34', '2025-10-03 08:54:34'),
(27, 'create_categories', 'Create Categories', 'Can create categories', NULL, '2025-10-03 08:54:34', '2025-10-03 08:54:34'),
(28, 'edit_categories', 'Edit Categories', 'Can edit categories', NULL, '2025-10-03 08:54:34', '2025-10-03 08:54:34'),
(29, 'delete_categories', 'Delete Categories', 'Can delete categories', NULL, '2025-10-03 08:54:34', '2025-10-03 08:54:34'),
(30, 'view_reports', 'View Reports', 'Can view reports', NULL, '2025-10-03 08:54:34', '2025-10-03 08:54:34'),
(31, 'create_reports', 'Create Reports', 'Can create reports', NULL, '2025-10-03 08:54:34', '2025-10-03 08:54:34'),
(32, 'edit_reports', 'Edit Reports', 'Can edit reports', NULL, '2025-10-03 08:54:34', '2025-10-03 08:54:34'),
(33, 'delete_reports', 'Delete Reports', 'Can delete reports', NULL, '2025-10-03 08:54:34', '2025-10-03 08:54:34'),
(34, 'view_pages', 'View Pages', 'Can view pages', NULL, '2025-10-03 08:54:34', '2025-10-03 08:54:34'),
(35, 'create_pages', 'Create Pages', 'Can create pages', NULL, '2025-10-03 08:54:34', '2025-10-03 08:54:34'),
(36, 'edit_pages', 'Edit Pages', 'Can edit pages', NULL, '2025-10-03 08:54:34', '2025-10-03 08:54:34'),
(37, 'delete_pages', 'Delete Pages', 'Can delete pages', NULL, '2025-10-03 08:54:34', '2025-10-03 08:54:34'),
(38, 'view_careers', 'View Careers', 'Can view career-related data', NULL, '2025-10-03 08:54:34', '2025-10-03 08:54:34'),
(39, 'manage_careers', 'Manage Careers', 'Can manage job positions and applications', NULL, '2025-10-03 08:54:34', '2025-10-03 08:54:34'),
(40, 'view_inquiries', 'View Inquiries', 'Can view contact and investor inquiries', NULL, '2025-10-03 08:54:34', '2025-10-03 08:54:34'),
(41, 'manage_inquiries', 'Manage Inquiries', 'Can manage inquiries', NULL, '2025-10-03 08:54:34', '2025-10-03 08:54:34'),
(42, 'view_team', 'View Team', 'Can view team members', NULL, '2025-10-03 08:54:34', '2025-10-03 08:54:34'),
(43, 'manage_team', 'Manage Team', 'Can manage team members', NULL, '2025-10-03 08:54:34', '2025-10-03 08:54:34'),
(44, 'manage_settings', 'Manage Settings', 'Can manage site settings', NULL, '2025-10-03 08:54:34', '2025-10-03 08:54:34'),
(45, 'view_settings', 'View Settings', 'Can view site settings', NULL, '2025-10-03 08:54:34', '2025-10-03 08:54:34'),
(46, 'manage_news', 'Manage News', 'Full access to news management', NULL, '2025-10-03 08:59:49', '2025-10-03 08:59:49'),
(47, 'manage_videos', 'Manage Videos', 'Full access to video management', NULL, '2025-10-03 08:59:49', '2025-10-03 08:59:49'),
(48, 'manage_products', 'Manage Products', 'Full access to product management', NULL, '2025-10-03 08:59:49', '2025-10-03 08:59:49'),
(49, 'manage_pages', 'Manage Pages', 'Full access to page management', NULL, '2025-10-03 08:59:49', '2025-10-03 08:59:49'),
(50, 'manage_users', 'Manage Users', 'Full access to user management', NULL, '2025-10-03 08:59:49', '2025-10-03 08:59:49'),
(51, 'full_access', 'Full System Access', 'Complete administrative access to all features', NULL, '2025-10-03 08:59:49', '2025-10-03 08:59:49'),
(52, 'manage_activity_logs', 'Manage Activity Logs', 'Full access to activity logs', NULL, '2025-10-03 09:00:23', '2025-10-03 09:00:23'),
(53, 'access_admin_dashboard', 'Access Admin Dashboard', 'Can access the admin panel and dashboard', NULL, '2025-10-03 09:19:58', '2025-10-03 09:19:58');

-- --------------------------------------------------------

--
-- Table structure for table `roles`
--

CREATE TABLE `roles` (
  `id` bigint(20) UNSIGNED NOT NULL,
  `name` varchar(255) NOT NULL,
  `display_name` varchar(255) NOT NULL,
  `description` text DEFAULT NULL,
  `is_active` tinyint(1) NOT NULL DEFAULT 1,
  `created_at` timestamp NULL DEFAULT NULL,
  `updated_at` timestamp NULL DEFAULT NULL
) ENGINE=InnoDB DEFAULT CHARSET=utf8mb4 COLLATE=utf8mb4_unicode_ci;

--
-- Dumping data for table `roles`
--

INSERT INTO `roles` (`id`, `name`, `display_name`, `description`, `is_active`, `created_at`, `updated_at`) VALUES
(1, 'admin', 'Administrator', 'System administrator with full access', 1, '2025-10-03 08:34:01', '2025-10-03 08:34:01'),
(2, 'user', 'User', 'Regular user with limited access', 1, '2025-10-03 08:34:01', '2025-10-03 08:34:01'),
(3, 'content_editor', 'Content Editor', 'Manage News Articles', 1, '2025-10-04 00:36:31', '2025-10-04 00:45:44');

-- --------------------------------------------------------

--
-- Table structure for table `role_permissions`
--

CREATE TABLE `role_permissions` (
  `id` bigint(20) UNSIGNED NOT NULL,
  `role_id` bigint(20) UNSIGNED NOT NULL,
  `permission_id` bigint(20) UNSIGNED NOT NULL,
  `created_at` timestamp NULL DEFAULT NULL,
  `updated_at` timestamp NULL DEFAULT NULL
) ENGINE=InnoDB DEFAULT CHARSET=utf8mb4 COLLATE=utf8mb4_unicode_ci;

--
-- Dumping data for table `role_permissions`
--

INSERT INTO `role_permissions` (`id`, `role_id`, `permission_id`, `created_at`, `updated_at`) VALUES
(1, 1, 27, NULL, NULL),
(2, 1, 14, NULL, NULL),
(3, 1, 35, NULL, NULL),
(4, 1, 23, NULL, NULL),
(5, 1, 31, NULL, NULL),
(6, 1, 7, NULL, NULL),
(7, 1, 2, NULL, NULL),
(8, 1, 19, NULL, NULL),
(9, 1, 29, NULL, NULL),
(10, 1, 16, NULL, NULL),
(11, 1, 37, NULL, NULL),
(12, 1, 25, NULL, NULL),
(13, 1, 33, NULL, NULL),
(14, 1, 9, NULL, NULL),
(15, 1, 4, NULL, NULL),
(16, 1, 21, NULL, NULL),
(17, 1, 28, NULL, NULL),
(18, 1, 15, NULL, NULL),
(19, 1, 36, NULL, NULL),
(20, 1, 24, NULL, NULL),
(21, 1, 32, NULL, NULL),
(22, 1, 8, NULL, NULL),
(23, 1, 3, NULL, NULL),
(24, 1, 20, NULL, NULL),
(25, 1, 39, NULL, NULL),
(26, 1, 10, NULL, NULL),
(27, 1, 41, NULL, NULL),
(28, 1, 5, NULL, NULL),
(29, 1, 44, NULL, NULL),
(30, 1, 43, NULL, NULL),
(31, 1, 17, NULL, NULL),
(32, 1, 12, NULL, NULL),
(33, 1, 38, NULL, NULL),
(34, 1, 26, NULL, NULL),
(35, 1, 11, NULL, NULL),
(36, 1, 40, NULL, NULL),
(37, 1, 13, NULL, NULL),
(38, 1, 34, NULL, NULL),
(39, 1, 22, NULL, NULL),
(40, 1, 30, NULL, NULL),
(41, 1, 6, NULL, NULL),
(42, 1, 45, NULL, NULL),
(43, 1, 42, NULL, NULL),
(44, 1, 1, NULL, NULL),
(45, 1, 18, NULL, NULL),
(46, 2, 13, NULL, NULL),
(47, 2, 34, NULL, NULL),
(48, 2, 22, NULL, NULL),
(49, 2, 18, NULL, NULL),
(50, 1, 51, NULL, NULL),
(51, 1, 46, NULL, NULL),
(52, 1, 49, NULL, NULL),
(53, 1, 48, NULL, NULL),
(54, 1, 50, NULL, NULL),
(55, 1, 47, NULL, NULL),
(56, 1, 52, NULL, NULL),
(57, 1, 53, NULL, NULL),
(58, 3, 14, NULL, NULL),
(59, 3, 16, NULL, NULL),
(60, 3, 15, NULL, NULL),
(61, 3, 13, NULL, NULL),
(62, 3, 46, NULL, NULL);

-- --------------------------------------------------------

--
-- Table structure for table `sessions`
--

CREATE TABLE `sessions` (
  `id` varchar(255) NOT NULL,
  `user_id` bigint(20) UNSIGNED DEFAULT NULL,
  `ip_address` varchar(45) DEFAULT NULL,
  `user_agent` text DEFAULT NULL,
  `payload` longtext NOT NULL,
  `last_activity` int(11) NOT NULL
) ENGINE=InnoDB DEFAULT CHARSET=utf8mb4 COLLATE=utf8mb4_unicode_ci;

--
-- Dumping data for table `sessions`
--

INSERT INTO `sessions` (`id`, `user_id`, `ip_address`, `user_agent`, `payload`, `last_activity`) VALUES
('1ENE3nN4BQZeduy8PvOcoSfm3xLkZ8zS7iQG4Hk5', NULL, '127.0.0.1', 'Mozilla/5.0 (iPhone; CPU iPhone OS 18_5 like Mac OS X) AppleWebKit/605.1.15 (KHTML, like Gecko) Version/18.5 Mobile/15E148 Safari/604.1', 'YTozOntzOjY6Il90b2tlbiI7czo0MDoiN0xUYndKa085TDM4c29CUEI5cmJTSjBCZnFoaTU1QUtZM0tCV2IxQiI7czo5OiJfcHJldmlvdXMiO2E6MTp7czozOiJ1cmwiO3M6Mzk6Imh0dHA6Ly8xMjcuMC4wLjE6ODAwMC9hcGkvdmlkZW8tY29uZmlncyI7fXM6NjoiX2ZsYXNoIjthOjI6e3M6Mzoib2xkIjthOjA6e31zOjM6Im5ldyI7YTowOnt9fX0=', 1759729877),
('1fuNGjg1qmX5kHusxpLZMA2HaMW7bL8WqQgJWVTm', NULL, '127.0.0.1', 'Mozilla/5.0 (iPhone; CPU iPhone OS 18_5 like Mac OS X) AppleWebKit/605.1.15 (KHTML, like Gecko) Version/18.5 Mobile/15E148 Safari/604.1', 'YTozOntzOjY6Il90b2tlbiI7czo0MDoiYjJmSW5zTUFZZzF0OUxFRktqRVRVNUVwYWtRYUd3S0Z2WHhlQUY1cCI7czo5OiJfcHJldmlvdXMiO2E6MTp7czozOiJ1cmwiO3M6Mzk6Imh0dHA6Ly8xMjcuMC4wLjE6ODAwMC9hcGkvdmlkZW8tY29uZmlncyI7fXM6NjoiX2ZsYXNoIjthOjI6e3M6Mzoib2xkIjthOjA6e31zOjM6Im5ldyI7YTowOnt9fX0=', 1759729876),
('1oE7Dm3dVx7r9SaFeNXQsLi82KR5qgjXnNJKYrjN', NULL, '127.0.0.1', 'Mozilla/5.0 (iPhone; CPU iPhone OS 18_5 like Mac OS X) AppleWebKit/605.1.15 (KHTML, like Gecko) Version/18.5 Mobile/15E148 Safari/604.1', 'YTozOntzOjY6Il90b2tlbiI7czo0MDoiaDJGT1UxQWRBWXpJOThMUUVJNThNck5SMjhKYnBSb3JKcVhRSERvVyI7czo5OiJfcHJldmlvdXMiO2E6MTp7czozOiJ1cmwiO3M6Mzk6Imh0dHA6Ly8xMjcuMC4wLjE6ODAwMC9hcGkvdmlkZW8tY29uZmlncyI7fXM6NjoiX2ZsYXNoIjthOjI6e3M6Mzoib2xkIjthOjA6e31zOjM6Im5ldyI7YTowOnt9fX0=', 1759729877),
('21AKZQUujrQu4xcFUiv1P0SkhAFPjMsbgXQqsozW', NULL, '127.0.0.1', 'Mozilla/5.0 (iPhone; CPU iPhone OS 18_5 like Mac OS X) AppleWebKit/605.1.15 (KHTML, like Gecko) Version/18.5 Mobile/15E148 Safari/604.1', 'YTozOntzOjY6Il90b2tlbiI7czo0MDoibzE3Rm1GM2g3OGt1dmZGSEpIN2FPMWpKYW95b1pUSkZZRE5xT3ZGaCI7czo5OiJfcHJldmlvdXMiO2E6MTp7czozOiJ1cmwiO3M6Mzk6Imh0dHA6Ly8xMjcuMC4wLjE6ODAwMC9hcGkvdmlkZW8tY29uZmlncyI7fXM6NjoiX2ZsYXNoIjthOjI6e3M6Mzoib2xkIjthOjA6e31zOjM6Im5ldyI7YTowOnt9fX0=', 1759729876),
('22D8ZVDcwvwyo61lZGnnGGgCx4RF7fREOHgEUZQh', NULL, '127.0.0.1', 'Mozilla/5.0 (iPhone; CPU iPhone OS 18_5 like Mac OS X) AppleWebKit/605.1.15 (KHTML, like Gecko) Version/18.5 Mobile/15E148 Safari/604.1', 'YTozOntzOjY6Il90b2tlbiI7czo0MDoiTzY0UUF6cHhtSFBlbk96Q245UlNNenRMRmM4azBBYVBIVHozUzl0OSI7czo5OiJfcHJldmlvdXMiO2E6MTp7czozOiJ1cmwiO3M6Mzk6Imh0dHA6Ly8xMjcuMC4wLjE6ODAwMC9hcGkvdmlkZW8tY29uZmlncyI7fXM6NjoiX2ZsYXNoIjthOjI6e3M6Mzoib2xkIjthOjA6e31zOjM6Im5ldyI7YTowOnt9fX0=', 1759729876),
('2l5rNqutwzvbELTO1CLJhjYw6pNYzzZ8vfHBGxRO', NULL, '127.0.0.1', 'Mozilla/5.0 (iPhone; CPU iPhone OS 18_5 like Mac OS X) AppleWebKit/605.1.15 (KHTML, like Gecko) Version/18.5 Mobile/15E148 Safari/604.1', 'YTozOntzOjY6Il90b2tlbiI7czo0MDoiY1Q0alpVemQyam80NnBJVFUyZGhPZm1sSFpPdXkwZVZqdWtjSHRNVyI7czo5OiJfcHJldmlvdXMiO2E6MTp7czozOiJ1cmwiO3M6Mzk6Imh0dHA6Ly8xMjcuMC4wLjE6ODAwMC9hcGkvdmlkZW8tY29uZmlncyI7fXM6NjoiX2ZsYXNoIjthOjI6e3M6Mzoib2xkIjthOjA6e31zOjM6Im5ldyI7YTowOnt9fX0=', 1759729877),
('2ydM2Y9OIpd6hMj0iTwrocBFL5gwn1fAtJtjNAX1', NULL, '127.0.0.1', 'Mozilla/5.0 (iPhone; CPU iPhone OS 18_5 like Mac OS X) AppleWebKit/605.1.15 (KHTML, like Gecko) Version/18.5 Mobile/15E148 Safari/604.1', 'YTozOntzOjY6Il90b2tlbiI7czo0MDoiR3JZVDFISExnWHNFMWJ2MzRudHk4Nk1SeUphTDJraTlUaW5RN0p1OCI7czo5OiJfcHJldmlvdXMiO2E6MTp7czozOiJ1cmwiO3M6Mzk6Imh0dHA6Ly8xMjcuMC4wLjE6ODAwMC9hcGkvdmlkZW8tY29uZmlncyI7fXM6NjoiX2ZsYXNoIjthOjI6e3M6Mzoib2xkIjthOjA6e31zOjM6Im5ldyI7YTowOnt9fX0=', 1759729876),
('3aogwdbQDT8k7XOecqRXFCbNsCM8uLKZ2nDGQgXG', NULL, '127.0.0.1', 'Mozilla/5.0 (iPhone; CPU iPhone OS 18_5 like Mac OS X) AppleWebKit/605.1.15 (KHTML, like Gecko) Version/18.5 Mobile/15E148 Safari/604.1', 'YTozOntzOjY6Il90b2tlbiI7czo0MDoiemdmd3JTN1dSZGtaRjhHbk0xcUNmUkwzRzg0MTlxQzRVQkQ2MENQUSI7czo5OiJfcHJldmlvdXMiO2E6MTp7czozOiJ1cmwiO3M6Mzk6Imh0dHA6Ly8xMjcuMC4wLjE6ODAwMC9hcGkvdmlkZW8tY29uZmlncyI7fXM6NjoiX2ZsYXNoIjthOjI6e3M6Mzoib2xkIjthOjA6e31zOjM6Im5ldyI7YTowOnt9fX0=', 1759729876),
('3dhQxmrhMSdUIWtifvuj7Dqmt3a65pG6QSlNDsJC', NULL, '127.0.0.1', 'Mozilla/5.0 (iPhone; CPU iPhone OS 18_5 like Mac OS X) AppleWebKit/605.1.15 (KHTML, like Gecko) Version/18.5 Mobile/15E148 Safari/604.1', 'YTozOntzOjY6Il90b2tlbiI7czo0MDoiMHpCeEc3dXQ4SHJHUEdJbnV2YTdYcERpbTZUaWI3QVV3bjh2M25seCI7czo5OiJfcHJldmlvdXMiO2E6MTp7czozOiJ1cmwiO3M6Mzk6Imh0dHA6Ly8xMjcuMC4wLjE6ODAwMC9hcGkvdmlkZW8tY29uZmlncyI7fXM6NjoiX2ZsYXNoIjthOjI6e3M6Mzoib2xkIjthOjA6e31zOjM6Im5ldyI7YTowOnt9fX0=', 1759729876),
('46kt7mzaBXlJsBuD1Z8juabQ4MeBgnuPFPw2uCZC', NULL, '127.0.0.1', 'Mozilla/5.0 (iPhone; CPU iPhone OS 18_5 like Mac OS X) AppleWebKit/605.1.15 (KHTML, like Gecko) Version/18.5 Mobile/15E148 Safari/604.1', 'YTozOntzOjY6Il90b2tlbiI7czo0MDoiUE9VTzMwa2J6emMxYlNZMWZrOWI3S3JPVW96TEVUZWVWVjhpRER2YiI7czo5OiJfcHJldmlvdXMiO2E6MTp7czozOiJ1cmwiO3M6Mzk6Imh0dHA6Ly8xMjcuMC4wLjE6ODAwMC9hcGkvdmlkZW8tY29uZmlncyI7fXM6NjoiX2ZsYXNoIjthOjI6e3M6Mzoib2xkIjthOjA6e31zOjM6Im5ldyI7YTowOnt9fX0=', 1759729876),
('4rdD6cIRI3eNTh5WWstmPPfQTIvbNZIYyUGWBWIN', NULL, '127.0.0.1', 'Mozilla/5.0 (iPhone; CPU iPhone OS 18_5 like Mac OS X) AppleWebKit/605.1.15 (KHTML, like Gecko) Version/18.5 Mobile/15E148 Safari/604.1', 'YTozOntzOjY6Il90b2tlbiI7czo0MDoiWHhCTVpXUkFkeG5md2JabFlSTkgxRUtLT3A0bmprSE1Bc2d1U3U2TyI7czo5OiJfcHJldmlvdXMiO2E6MTp7czozOiJ1cmwiO3M6Mzk6Imh0dHA6Ly8xMjcuMC4wLjE6ODAwMC9hcGkvdmlkZW8tY29uZmlncyI7fXM6NjoiX2ZsYXNoIjthOjI6e3M6Mzoib2xkIjthOjA6e31zOjM6Im5ldyI7YTowOnt9fX0=', 1759729876),
('52xQbYxRXzyzKFyYS0iwu1VHVCbSs2qcDftBTKXd', NULL, '127.0.0.1', 'Mozilla/5.0 (iPhone; CPU iPhone OS 18_5 like Mac OS X) AppleWebKit/605.1.15 (KHTML, like Gecko) Version/18.5 Mobile/15E148 Safari/604.1', 'YTozOntzOjY6Il90b2tlbiI7czo0MDoicnFLc1hMTzlPUjhBTEhVcGpGeUlXQ2VQUmRSRUh0ekNzM1A1WHNmRiI7czo5OiJfcHJldmlvdXMiO2E6MTp7czozOiJ1cmwiO3M6Mzk6Imh0dHA6Ly8xMjcuMC4wLjE6ODAwMC9hcGkvdmlkZW8tY29uZmlncyI7fXM6NjoiX2ZsYXNoIjthOjI6e3M6Mzoib2xkIjthOjA6e31zOjM6Im5ldyI7YTowOnt9fX0=', 1759729877),
('5eXR82pIgXASGcsnZDuUnyJ6HzW69MsWgGk6I5B5', NULL, '127.0.0.1', 'Mozilla/5.0 (iPhone; CPU iPhone OS 18_5 like Mac OS X) AppleWebKit/605.1.15 (KHTML, like Gecko) Version/18.5 Mobile/15E148 Safari/604.1', 'YTozOntzOjY6Il90b2tlbiI7czo0MDoiM3F5ZXZ3dEVmT1pVSGVWbE40S0V0akJiS3doVmNKelNkVFFKVTdESyI7czo5OiJfcHJldmlvdXMiO2E6MTp7czozOiJ1cmwiO3M6Mzk6Imh0dHA6Ly8xMjcuMC4wLjE6ODAwMC9hcGkvdmlkZW8tY29uZmlncyI7fXM6NjoiX2ZsYXNoIjthOjI6e3M6Mzoib2xkIjthOjA6e31zOjM6Im5ldyI7YTowOnt9fX0=', 1759729877),
('5Wm09pKYmi92V5GIXWYWQ8ET2o5Z4LPdbDAPxY4v', NULL, '127.0.0.1', 'Mozilla/5.0 (iPhone; CPU iPhone OS 18_5 like Mac OS X) AppleWebKit/605.1.15 (KHTML, like Gecko) Version/18.5 Mobile/15E148 Safari/604.1', 'YTozOntzOjY6Il90b2tlbiI7czo0MDoidnJ0dElTUVVQQnVPcEYxcWdrdlZqTmRRZDB6emRvU2J0SExMeTE1OCI7czo5OiJfcHJldmlvdXMiO2E6MTp7czozOiJ1cmwiO3M6Mzk6Imh0dHA6Ly8xMjcuMC4wLjE6ODAwMC9hcGkvdmlkZW8tY29uZmlncyI7fXM6NjoiX2ZsYXNoIjthOjI6e3M6Mzoib2xkIjthOjA6e31zOjM6Im5ldyI7YTowOnt9fX0=', 1759729876),
('61kf2W7HGD5e5MVmKcvFYg982tv27BGqRG3J3tLp', 1, '127.0.0.1', 'Mozilla/5.0 (Macintosh; Intel Mac OS X 10_15_7) AppleWebKit/537.36 (KHTML, like Gecko) Chrome/140.0.0.0 Safari/537.36', 'YTo0OntzOjY6Il90b2tlbiI7czo0MDoiMnJWeU1XVHRsQjJpcjFrcWJvM3k2ZHd1a2VWZkp1QjIzREw4ZXFtUyI7czo2OiJfZmxhc2giO2E6Mjp7czozOiJvbGQiO2E6MDp7fXM6MzoibmV3IjthOjA6e319czo5OiJfcHJldmlvdXMiO2E6MTp7czozOiJ1cmwiO3M6Mzc6Imh0dHA6Ly8xMjcuMC4wLjE6ODAwMC9hZG1pbi9kYXNoYm9hcmQiO31zOjUwOiJsb2dpbl93ZWJfNTliYTM2YWRkYzJiMmY5NDAxNTgwZjAxNGM3ZjU4ZWE0ZTMwOTg5ZCI7aToxO30=', 1759731220),
('7fBccC1WGcFDKprCK5xixDpdUNSOTOWLlfan1wmr', NULL, '127.0.0.1', 'Mozilla/5.0 (iPhone; CPU iPhone OS 18_5 like Mac OS X) AppleWebKit/605.1.15 (KHTML, like Gecko) Version/18.5 Mobile/15E148 Safari/604.1', 'YTozOntzOjY6Il90b2tlbiI7czo0MDoiWVpNaTlHeFQ3VDRhdEhpcFI3VE5EamlBd3VreWFPN0phQTRuUmdSMSI7czo5OiJfcHJldmlvdXMiO2E6MTp7czozOiJ1cmwiO3M6Mzk6Imh0dHA6Ly8xMjcuMC4wLjE6ODAwMC9hcGkvdmlkZW8tY29uZmlncyI7fXM6NjoiX2ZsYXNoIjthOjI6e3M6Mzoib2xkIjthOjA6e31zOjM6Im5ldyI7YTowOnt9fX0=', 1759729877),
('7yCwNVZ3xPfGgb98nFTRqXKiWiYtLC0mhV9qoAEk', NULL, '127.0.0.1', 'Mozilla/5.0 (iPhone; CPU iPhone OS 18_5 like Mac OS X) AppleWebKit/605.1.15 (KHTML, like Gecko) Version/18.5 Mobile/15E148 Safari/604.1', 'YTozOntzOjY6Il90b2tlbiI7czo0MDoidktTdjhpNlRJWWdncnFOQzlLOHZmYzJodWhlZVYyTzBxUnVxM0c4RCI7czo5OiJfcHJldmlvdXMiO2E6MTp7czozOiJ1cmwiO3M6Mzk6Imh0dHA6Ly8xMjcuMC4wLjE6ODAwMC9hcGkvdmlkZW8tY29uZmlncyI7fXM6NjoiX2ZsYXNoIjthOjI6e3M6Mzoib2xkIjthOjA6e31zOjM6Im5ldyI7YTowOnt9fX0=', 1759729876),
('7ZJ92MfX84qzEO0ger6sb12rknzESnXTdm5DDwZY', NULL, '127.0.0.1', 'Mozilla/5.0 (iPhone; CPU iPhone OS 18_5 like Mac OS X) AppleWebKit/605.1.15 (KHTML, like Gecko) Version/18.5 Mobile/15E148 Safari/604.1', 'YTozOntzOjY6Il90b2tlbiI7czo0MDoiaVFUSHNVR2xocGJ3VnRIUzIwNUo5SUltenJXVXllck55b0psQzVEYiI7czo5OiJfcHJldmlvdXMiO2E6MTp7czozOiJ1cmwiO3M6Mzk6Imh0dHA6Ly8xMjcuMC4wLjE6ODAwMC9hcGkvdmlkZW8tY29uZmlncyI7fXM6NjoiX2ZsYXNoIjthOjI6e3M6Mzoib2xkIjthOjA6e31zOjM6Im5ldyI7YTowOnt9fX0=', 1759729876),
('845AxRO80I8sPad34ARWpie1pNiLuoOzD8U9Bk7e', NULL, '127.0.0.1', 'Mozilla/5.0 (iPhone; CPU iPhone OS 18_5 like Mac OS X) AppleWebKit/605.1.15 (KHTML, like Gecko) Version/18.5 Mobile/15E148 Safari/604.1', 'YTozOntzOjY6Il90b2tlbiI7czo0MDoiakJNMEVIbEZmak1vZmw0YWJCc2lOamx1bTRLTmMyVE1YNURZWWxvYSI7czo5OiJfcHJldmlvdXMiO2E6MTp7czozOiJ1cmwiO3M6Mzk6Imh0dHA6Ly8xMjcuMC4wLjE6ODAwMC9hcGkvdmlkZW8tY29uZmlncyI7fXM6NjoiX2ZsYXNoIjthOjI6e3M6Mzoib2xkIjthOjA6e31zOjM6Im5ldyI7YTowOnt9fX0=', 1759729877),
('8Ruj9yznsrGsd2JgMA5DLNt0gVWsbFAvRbpEvDJp', NULL, '127.0.0.1', 'Mozilla/5.0 (iPhone; CPU iPhone OS 18_5 like Mac OS X) AppleWebKit/605.1.15 (KHTML, like Gecko) Version/18.5 Mobile/15E148 Safari/604.1', 'YTozOntzOjY6Il90b2tlbiI7czo0MDoiQVB3bkJocFVyOHZSZWFXVVpwOGdmSWtlaVRCRTAxcmpPWEhXdTVzQiI7czo5OiJfcHJldmlvdXMiO2E6MTp7czozOiJ1cmwiO3M6Mzk6Imh0dHA6Ly8xMjcuMC4wLjE6ODAwMC9hcGkvdmlkZW8tY29uZmlncyI7fXM6NjoiX2ZsYXNoIjthOjI6e3M6Mzoib2xkIjthOjA6e31zOjM6Im5ldyI7YTowOnt9fX0=', 1759729877),
('8slE062aVLeRCKrxd1WMM9wMEOJXsc50ADCbxv8m', NULL, '127.0.0.1', 'Mozilla/5.0 (iPhone; CPU iPhone OS 18_5 like Mac OS X) AppleWebKit/605.1.15 (KHTML, like Gecko) Version/18.5 Mobile/15E148 Safari/604.1', 'YTozOntzOjY6Il90b2tlbiI7czo0MDoicVdCR3pFWXd3TEMzYlJqSXpWczFNVEtzN0hEQ1VLMHpVakhOS3RCdyI7czo5OiJfcHJldmlvdXMiO2E6MTp7czozOiJ1cmwiO3M6Mzk6Imh0dHA6Ly8xMjcuMC4wLjE6ODAwMC9hcGkvdmlkZW8tY29uZmlncyI7fXM6NjoiX2ZsYXNoIjthOjI6e3M6Mzoib2xkIjthOjA6e31zOjM6Im5ldyI7YTowOnt9fX0=', 1759729876),
('8yUIXgeNofaNM3D3mwMh6TcSOlVKhErjn8XY3Ca7', NULL, '127.0.0.1', 'Mozilla/5.0 (iPhone; CPU iPhone OS 18_5 like Mac OS X) AppleWebKit/605.1.15 (KHTML, like Gecko) Version/18.5 Mobile/15E148 Safari/604.1', 'YTozOntzOjY6Il90b2tlbiI7czo0MDoiTGduU2p3WkQ5M2ZlcERocTY0b2NIWWlBTUtkeFBYODFKN2pjWFlwdiI7czo5OiJfcHJldmlvdXMiO2E6MTp7czozOiJ1cmwiO3M6Mzk6Imh0dHA6Ly8xMjcuMC4wLjE6ODAwMC9hcGkvdmlkZW8tY29uZmlncyI7fXM6NjoiX2ZsYXNoIjthOjI6e3M6Mzoib2xkIjthOjA6e31zOjM6Im5ldyI7YTowOnt9fX0=', 1759729877),
('96TPMMNWCYv2kbkjAe2Acuk7adqayBK1kKOr7208', NULL, '127.0.0.1', 'Mozilla/5.0 (iPhone; CPU iPhone OS 18_5 like Mac OS X) AppleWebKit/605.1.15 (KHTML, like Gecko) Version/18.5 Mobile/15E148 Safari/604.1', 'YTozOntzOjY6Il90b2tlbiI7czo0MDoiemNDdUdpb1FaQVRyS2RRYzhyWGJhOVRIanlObmdrWHNYYWdDRnZGcCI7czo5OiJfcHJldmlvdXMiO2E6MTp7czozOiJ1cmwiO3M6Mzk6Imh0dHA6Ly8xMjcuMC4wLjE6ODAwMC9hcGkvdmlkZW8tY29uZmlncyI7fXM6NjoiX2ZsYXNoIjthOjI6e3M6Mzoib2xkIjthOjA6e31zOjM6Im5ldyI7YTowOnt9fX0=', 1759729876),
('Am88cia8ZTwesL2pR2bYxU567eh0gGq6BZAOFGOp', NULL, '127.0.0.1', 'Mozilla/5.0 (iPhone; CPU iPhone OS 18_5 like Mac OS X) AppleWebKit/605.1.15 (KHTML, like Gecko) Version/18.5 Mobile/15E148 Safari/604.1', 'YTozOntzOjY6Il90b2tlbiI7czo0MDoiZkRneDdRRDlvOWo4cHpiMjNBZEJVRVowc2FlUDZnRnRUSVJtckJONyI7czo5OiJfcHJldmlvdXMiO2E6MTp7czozOiJ1cmwiO3M6Mzk6Imh0dHA6Ly8xMjcuMC4wLjE6ODAwMC9hcGkvdmlkZW8tY29uZmlncyI7fXM6NjoiX2ZsYXNoIjthOjI6e3M6Mzoib2xkIjthOjA6e31zOjM6Im5ldyI7YTowOnt9fX0=', 1759729877),
('Av4GvKhZw9JgV6CgDzEGMOi9seC490ap3aPl050b', NULL, '127.0.0.1', 'Mozilla/5.0 (iPhone; CPU iPhone OS 18_5 like Mac OS X) AppleWebKit/605.1.15 (KHTML, like Gecko) Version/18.5 Mobile/15E148 Safari/604.1', 'YTozOntzOjY6Il90b2tlbiI7czo0MDoiMlhjem5Xek1FY2ZWbUFTS0VkVVFDeVBxWEtXVmZwanpCY0FuRU50WSI7czo5OiJfcHJldmlvdXMiO2E6MTp7czozOiJ1cmwiO3M6Mzk6Imh0dHA6Ly8xMjcuMC4wLjE6ODAwMC9hcGkvdmlkZW8tY29uZmlncyI7fXM6NjoiX2ZsYXNoIjthOjI6e3M6Mzoib2xkIjthOjA6e31zOjM6Im5ldyI7YTowOnt9fX0=', 1759729876),
('BsShQ32ZdLNQOiYisrcHpR6Rxlgy5phB6nlqK4CJ', NULL, '127.0.0.1', 'Mozilla/5.0 (iPhone; CPU iPhone OS 18_5 like Mac OS X) AppleWebKit/605.1.15 (KHTML, like Gecko) Version/18.5 Mobile/15E148 Safari/604.1', 'YTozOntzOjY6Il90b2tlbiI7czo0MDoiUXV3QzZBaFBCb2ZzSE9EZDVCSnM0ZlMyUTZaZFJaTlJpNTNVRHZGZCI7czo5OiJfcHJldmlvdXMiO2E6MTp7czozOiJ1cmwiO3M6Mzk6Imh0dHA6Ly8xMjcuMC4wLjE6ODAwMC9hcGkvdmlkZW8tY29uZmlncyI7fXM6NjoiX2ZsYXNoIjthOjI6e3M6Mzoib2xkIjthOjA6e31zOjM6Im5ldyI7YTowOnt9fX0=', 1759729877),
('C2xuJvUjnLtMEOAieLLHEgt19VyN2NhJA116lYEJ', NULL, '127.0.0.1', 'Mozilla/5.0 (iPhone; CPU iPhone OS 18_5 like Mac OS X) AppleWebKit/605.1.15 (KHTML, like Gecko) Version/18.5 Mobile/15E148 Safari/604.1', 'YTozOntzOjY6Il90b2tlbiI7czo0MDoiTG5TaWxXeEczVjY1WklYWlZreW5LM0xZNXl4WUt3MzlGek9yTXBiRiI7czo5OiJfcHJldmlvdXMiO2E6MTp7czozOiJ1cmwiO3M6Mzk6Imh0dHA6Ly8xMjcuMC4wLjE6ODAwMC9hcGkvdmlkZW8tY29uZmlncyI7fXM6NjoiX2ZsYXNoIjthOjI6e3M6Mzoib2xkIjthOjA6e31zOjM6Im5ldyI7YTowOnt9fX0=', 1759729877),
('CE9XytQSFzGL1NuuDLWqmwTkl0lB7nzRc96ideNz', NULL, '127.0.0.1', 'Mozilla/5.0 (iPhone; CPU iPhone OS 18_5 like Mac OS X) AppleWebKit/605.1.15 (KHTML, like Gecko) Version/18.5 Mobile/15E148 Safari/604.1', 'YTozOntzOjY6Il90b2tlbiI7czo0MDoiQWFQQm1pRTRIVmg3MFEwb1p6NVN0MGFhQUJzUjZYckdpY0FJNXVjYiI7czo5OiJfcHJldmlvdXMiO2E6MTp7czozOiJ1cmwiO3M6Mzk6Imh0dHA6Ly8xMjcuMC4wLjE6ODAwMC9hcGkvdmlkZW8tY29uZmlncyI7fXM6NjoiX2ZsYXNoIjthOjI6e3M6Mzoib2xkIjthOjA6e31zOjM6Im5ldyI7YTowOnt9fX0=', 1759729877),
('cknM0WLVFeeK8YiGfKKYuy3R0gdXPHVPce9vXvXB', NULL, '127.0.0.1', 'Mozilla/5.0 (iPhone; CPU iPhone OS 18_5 like Mac OS X) AppleWebKit/605.1.15 (KHTML, like Gecko) Version/18.5 Mobile/15E148 Safari/604.1', 'YTozOntzOjY6Il90b2tlbiI7czo0MDoiTFBneEFNdUNLeXNIRVlKZDYxdFc0bFk1Skw3ellrOGJHcHFTWFZ1RyI7czo5OiJfcHJldmlvdXMiO2E6MTp7czozOiJ1cmwiO3M6Mzk6Imh0dHA6Ly8xMjcuMC4wLjE6ODAwMC9hcGkvdmlkZW8tY29uZmlncyI7fXM6NjoiX2ZsYXNoIjthOjI6e3M6Mzoib2xkIjthOjA6e31zOjM6Im5ldyI7YTowOnt9fX0=', 1759729877),
('cMehwKXPgCkRDSbXC5VkxIrffsMtIhbZ0jNjWclx', NULL, '127.0.0.1', 'Mozilla/5.0 (iPhone; CPU iPhone OS 18_5 like Mac OS X) AppleWebKit/605.1.15 (KHTML, like Gecko) Version/18.5 Mobile/15E148 Safari/604.1', 'YTozOntzOjY6Il90b2tlbiI7czo0MDoiU3NHZTNaRlJoSXBMczIyOWNtS3lUbVR5M1Zma2Rub0F0R21QeFJqVSI7czo5OiJfcHJldmlvdXMiO2E6MTp7czozOiJ1cmwiO3M6Mzk6Imh0dHA6Ly8xMjcuMC4wLjE6ODAwMC9hcGkvdmlkZW8tY29uZmlncyI7fXM6NjoiX2ZsYXNoIjthOjI6e3M6Mzoib2xkIjthOjA6e31zOjM6Im5ldyI7YTowOnt9fX0=', 1759729876),
('CnDDFP7ivgycN8ey3DxpD57ApeiUlMWyWCKKWAwt', NULL, '127.0.0.1', 'Mozilla/5.0 (iPhone; CPU iPhone OS 18_5 like Mac OS X) AppleWebKit/605.1.15 (KHTML, like Gecko) Version/18.5 Mobile/15E148 Safari/604.1', 'YTozOntzOjY6Il90b2tlbiI7czo0MDoiMDhiSVpHQ2szTmJyVnB6UnRpMFQzbVpicGtzUjRqdzdvSG9scU9XayI7czo5OiJfcHJldmlvdXMiO2E6MTp7czozOiJ1cmwiO3M6Mzk6Imh0dHA6Ly8xMjcuMC4wLjE6ODAwMC9hcGkvdmlkZW8tY29uZmlncyI7fXM6NjoiX2ZsYXNoIjthOjI6e3M6Mzoib2xkIjthOjA6e31zOjM6Im5ldyI7YTowOnt9fX0=', 1759729877),
('CNZqsZ73PLCKimWP9c3VwLA6nzzibzMyY2jZA7L1', NULL, '127.0.0.1', 'Mozilla/5.0 (iPhone; CPU iPhone OS 18_5 like Mac OS X) AppleWebKit/605.1.15 (KHTML, like Gecko) Version/18.5 Mobile/15E148 Safari/604.1', 'YTozOntzOjY6Il90b2tlbiI7czo0MDoibjRtVE5ESGt4QXlpVks4OXhWeVl5TGVncVZGY1pIT1dMMXJ5UzdPUiI7czo5OiJfcHJldmlvdXMiO2E6MTp7czozOiJ1cmwiO3M6Mzk6Imh0dHA6Ly8xMjcuMC4wLjE6ODAwMC9hcGkvdmlkZW8tY29uZmlncyI7fXM6NjoiX2ZsYXNoIjthOjI6e3M6Mzoib2xkIjthOjA6e31zOjM6Im5ldyI7YTowOnt9fX0=', 1759729878),
('Cx9O28YZ6E32cQdmKJmSEMROE09x3207W0CssJ13', NULL, '127.0.0.1', 'Mozilla/5.0 (iPhone; CPU iPhone OS 18_5 like Mac OS X) AppleWebKit/605.1.15 (KHTML, like Gecko) Version/18.5 Mobile/15E148 Safari/604.1', 'YTozOntzOjY6Il90b2tlbiI7czo0MDoiMkZGMFlwQXBiZ2NxQ1lya3JmZW1mQXl3WTVVYldwbkxFSXY5NzVCYiI7czo5OiJfcHJldmlvdXMiO2E6MTp7czozOiJ1cmwiO3M6Mzk6Imh0dHA6Ly8xMjcuMC4wLjE6ODAwMC9hcGkvdmlkZW8tY29uZmlncyI7fXM6NjoiX2ZsYXNoIjthOjI6e3M6Mzoib2xkIjthOjA6e31zOjM6Im5ldyI7YTowOnt9fX0=', 1759729877),
('d1jWTkotN52iah3nIjv1n5Vw0ZgZ4fVwAjjQXq0c', NULL, '127.0.0.1', 'Mozilla/5.0 (iPhone; CPU iPhone OS 18_5 like Mac OS X) AppleWebKit/605.1.15 (KHTML, like Gecko) Version/18.5 Mobile/15E148 Safari/604.1', 'YTozOntzOjY6Il90b2tlbiI7czo0MDoiZ2l0NEdQOTNLV2xITHlLdzZKblhiZXJTMmNlTWJobmFEUnhkajdwVCI7czo5OiJfcHJldmlvdXMiO2E6MTp7czozOiJ1cmwiO3M6Mzk6Imh0dHA6Ly8xMjcuMC4wLjE6ODAwMC9hcGkvdmlkZW8tY29uZmlncyI7fXM6NjoiX2ZsYXNoIjthOjI6e3M6Mzoib2xkIjthOjA6e31zOjM6Im5ldyI7YTowOnt9fX0=', 1759729877),
('d5LSc76x2CRjE9xbNHuR9G4UIsU4sczKOgf9gB9Z', NULL, '127.0.0.1', 'Mozilla/5.0 (iPhone; CPU iPhone OS 18_5 like Mac OS X) AppleWebKit/605.1.15 (KHTML, like Gecko) Version/18.5 Mobile/15E148 Safari/604.1', 'YTozOntzOjY6Il90b2tlbiI7czo0MDoia0kzYklldWVGWjkyYmR6bU84b2V4MjJlUjl6clV0ZmR6YUZROEp0RiI7czo5OiJfcHJldmlvdXMiO2E6MTp7czozOiJ1cmwiO3M6Mzk6Imh0dHA6Ly8xMjcuMC4wLjE6ODAwMC9hcGkvdmlkZW8tY29uZmlncyI7fXM6NjoiX2ZsYXNoIjthOjI6e3M6Mzoib2xkIjthOjA6e31zOjM6Im5ldyI7YTowOnt9fX0=', 1759729877),
('d9JCAMxQZiXorDwGSwxnJeSd8BajKc20R7roIdvX', NULL, '127.0.0.1', 'Mozilla/5.0 (iPhone; CPU iPhone OS 18_5 like Mac OS X) AppleWebKit/605.1.15 (KHTML, like Gecko) Version/18.5 Mobile/15E148 Safari/604.1', 'YTozOntzOjY6Il90b2tlbiI7czo0MDoiaGhBTlNSandKYTJCYTlJVE1xdnptQzdkRXpFaU0xMVhGZFJrejRPOCI7czo5OiJfcHJldmlvdXMiO2E6MTp7czozOiJ1cmwiO3M6Mzk6Imh0dHA6Ly8xMjcuMC4wLjE6ODAwMC9hcGkvdmlkZW8tY29uZmlncyI7fXM6NjoiX2ZsYXNoIjthOjI6e3M6Mzoib2xkIjthOjA6e31zOjM6Im5ldyI7YTowOnt9fX0=', 1759729877),
('DhqpzoW3sP4eVRV25VU4lg4LhnzJuX3bea6H5iBH', NULL, '127.0.0.1', 'Mozilla/5.0 (iPhone; CPU iPhone OS 18_5 like Mac OS X) AppleWebKit/605.1.15 (KHTML, like Gecko) Version/18.5 Mobile/15E148 Safari/604.1', 'YTozOntzOjY6Il90b2tlbiI7czo0MDoiWHBQc3JKU1ZuVFg0VmxVRXVkSHByU3JZZ0t6S1VVNUl5R0NTTmF2SCI7czo5OiJfcHJldmlvdXMiO2E6MTp7czozOiJ1cmwiO3M6Mzk6Imh0dHA6Ly8xMjcuMC4wLjE6ODAwMC9hcGkvdmlkZW8tY29uZmlncyI7fXM6NjoiX2ZsYXNoIjthOjI6e3M6Mzoib2xkIjthOjA6e31zOjM6Im5ldyI7YTowOnt9fX0=', 1759729877),
('Dq0sDKmgbKEKm9CbpotxmHGPhb022zIL2avnoDJU', NULL, '127.0.0.1', 'Mozilla/5.0 (iPhone; CPU iPhone OS 18_5 like Mac OS X) AppleWebKit/605.1.15 (KHTML, like Gecko) Version/18.5 Mobile/15E148 Safari/604.1', 'YTozOntzOjY6Il90b2tlbiI7czo0MDoiTVdXams2WlFNZURTOUM4TzdRR3dBaU1oS0VEUlgxTG9WWUk4cFJZcCI7czo5OiJfcHJldmlvdXMiO2E6MTp7czozOiJ1cmwiO3M6Mzk6Imh0dHA6Ly8xMjcuMC4wLjE6ODAwMC9hcGkvdmlkZW8tY29uZmlncyI7fXM6NjoiX2ZsYXNoIjthOjI6e3M6Mzoib2xkIjthOjA6e31zOjM6Im5ldyI7YTowOnt9fX0=', 1759729876),
('Dq5O6Cydtf3XcNrkYEEr1ROhfSefu6Np1qENGvEE', NULL, '127.0.0.1', 'Mozilla/5.0 (iPhone; CPU iPhone OS 18_5 like Mac OS X) AppleWebKit/605.1.15 (KHTML, like Gecko) Version/18.5 Mobile/15E148 Safari/604.1', 'YTozOntzOjY6Il90b2tlbiI7czo0MDoiZ0tnOEF1M0dSMkc3QUFJaFJPVXljUjR6ZENLdjBhVlM5TFJiVGRYYSI7czo5OiJfcHJldmlvdXMiO2E6MTp7czozOiJ1cmwiO3M6Mzk6Imh0dHA6Ly8xMjcuMC4wLjE6ODAwMC9hcGkvdmlkZW8tY29uZmlncyI7fXM6NjoiX2ZsYXNoIjthOjI6e3M6Mzoib2xkIjthOjA6e31zOjM6Im5ldyI7YTowOnt9fX0=', 1759729877),
('DxFuuahd4k2iBQsUVTM0o9lss49AtM08zwDtG7RU', NULL, '127.0.0.1', 'Mozilla/5.0 (iPhone; CPU iPhone OS 18_5 like Mac OS X) AppleWebKit/605.1.15 (KHTML, like Gecko) Version/18.5 Mobile/15E148 Safari/604.1', 'YTozOntzOjY6Il90b2tlbiI7czo0MDoiRkREZk5OQ3Y0eElCNUxtcmMyT1lzNWVqQzA2UVBHRGpYMzF2MUpqbyI7czo5OiJfcHJldmlvdXMiO2E6MTp7czozOiJ1cmwiO3M6Mzk6Imh0dHA6Ly8xMjcuMC4wLjE6ODAwMC9hcGkvdmlkZW8tY29uZmlncyI7fXM6NjoiX2ZsYXNoIjthOjI6e3M6Mzoib2xkIjthOjA6e31zOjM6Im5ldyI7YTowOnt9fX0=', 1759729877),
('EwPjTFYAq0YISTgmfNJqv7KnBGWqeC7mcWC1c5CR', NULL, '127.0.0.1', 'Mozilla/5.0 (iPhone; CPU iPhone OS 18_5 like Mac OS X) AppleWebKit/605.1.15 (KHTML, like Gecko) Version/18.5 Mobile/15E148 Safari/604.1', 'YTozOntzOjY6Il90b2tlbiI7czo0MDoiQnFOWG5UM0dqQzRiU1NPYVVZbUVWNDBSM1dvV1c1MEhNR21UVjAxYyI7czo5OiJfcHJldmlvdXMiO2E6MTp7czozOiJ1cmwiO3M6Mzk6Imh0dHA6Ly8xMjcuMC4wLjE6ODAwMC9hcGkvdmlkZW8tY29uZmlncyI7fXM6NjoiX2ZsYXNoIjthOjI6e3M6Mzoib2xkIjthOjA6e31zOjM6Im5ldyI7YTowOnt9fX0=', 1759729877),
('f7HKSAac9dKgBe3VGGW2JEUzGXShba3qT0pKNVhK', NULL, '127.0.0.1', 'Mozilla/5.0 (iPhone; CPU iPhone OS 18_5 like Mac OS X) AppleWebKit/605.1.15 (KHTML, like Gecko) Version/18.5 Mobile/15E148 Safari/604.1', 'YTozOntzOjY6Il90b2tlbiI7czo0MDoiWWdnQnBaWW1iN1g3V3ZXczRPV1ZJV29CbVVpYnNkWHF4RDV5STZYVyI7czo5OiJfcHJldmlvdXMiO2E6MTp7czozOiJ1cmwiO3M6Mzk6Imh0dHA6Ly8xMjcuMC4wLjE6ODAwMC9hcGkvdmlkZW8tY29uZmlncyI7fXM6NjoiX2ZsYXNoIjthOjI6e3M6Mzoib2xkIjthOjA6e31zOjM6Im5ldyI7YTowOnt9fX0=', 1759729877),
('foeAkcmDySbeyvpUi37wQ4y2Bdv3s9niA1jMF9YQ', NULL, '127.0.0.1', 'Mozilla/5.0 (iPhone; CPU iPhone OS 18_5 like Mac OS X) AppleWebKit/605.1.15 (KHTML, like Gecko) Version/18.5 Mobile/15E148 Safari/604.1', 'YTozOntzOjY6Il90b2tlbiI7czo0MDoiT0M1ZmtNWmF0MGVpcVhtQmhWaGZJamhqSUV2dU9mUTRhWmdvNWl4QiI7czo5OiJfcHJldmlvdXMiO2E6MTp7czozOiJ1cmwiO3M6Mzk6Imh0dHA6Ly8xMjcuMC4wLjE6ODAwMC9hcGkvdmlkZW8tY29uZmlncyI7fXM6NjoiX2ZsYXNoIjthOjI6e3M6Mzoib2xkIjthOjA6e31zOjM6Im5ldyI7YTowOnt9fX0=', 1759729877),
('FpwWzn15kVYaYdMJX3taYWPrNw6ZvRylai1BWIIq', NULL, '127.0.0.1', 'Mozilla/5.0 (iPhone; CPU iPhone OS 18_5 like Mac OS X) AppleWebKit/605.1.15 (KHTML, like Gecko) Version/18.5 Mobile/15E148 Safari/604.1', 'YTozOntzOjY6Il90b2tlbiI7czo0MDoiMTVjYmxkWWE3cGFJNFFvbWRzMzRLOW5KY2N2MGpBN2NSaG01TWNISyI7czo5OiJfcHJldmlvdXMiO2E6MTp7czozOiJ1cmwiO3M6Mzk6Imh0dHA6Ly8xMjcuMC4wLjE6ODAwMC9hcGkvdmlkZW8tY29uZmlncyI7fXM6NjoiX2ZsYXNoIjthOjI6e3M6Mzoib2xkIjthOjA6e31zOjM6Im5ldyI7YTowOnt9fX0=', 1759729876),
('fsJqOHQS9etV3FK9j3HeSMJwHNP3sXWDzx4cDel6', NULL, '127.0.0.1', 'Mozilla/5.0 (iPhone; CPU iPhone OS 18_5 like Mac OS X) AppleWebKit/605.1.15 (KHTML, like Gecko) Version/18.5 Mobile/15E148 Safari/604.1', 'YTozOntzOjY6Il90b2tlbiI7czo0MDoiekVOc1hodW50OTNDUGkxVEdrdnFrN1hJMmFTNmxFVmpoaE1JbGlteSI7czo5OiJfcHJldmlvdXMiO2E6MTp7czozOiJ1cmwiO3M6Mzk6Imh0dHA6Ly8xMjcuMC4wLjE6ODAwMC9hcGkvdmlkZW8tY29uZmlncyI7fXM6NjoiX2ZsYXNoIjthOjI6e3M6Mzoib2xkIjthOjA6e31zOjM6Im5ldyI7YTowOnt9fX0=', 1759729876),
('GIAnNHhane74KjZBwHFNW3ZkgaSbPmpMDDl8fFlC', NULL, '127.0.0.1', 'Mozilla/5.0 (iPhone; CPU iPhone OS 18_5 like Mac OS X) AppleWebKit/605.1.15 (KHTML, like Gecko) Version/18.5 Mobile/15E148 Safari/604.1', 'YTozOntzOjY6Il90b2tlbiI7czo0MDoiQURFbmoydVpQYjJYb2dtZE9VeU84RlVoalJFZERDOG5iVWdPT0xaeSI7czo5OiJfcHJldmlvdXMiO2E6MTp7czozOiJ1cmwiO3M6Mzk6Imh0dHA6Ly8xMjcuMC4wLjE6ODAwMC9hcGkvdmlkZW8tY29uZmlncyI7fXM6NjoiX2ZsYXNoIjthOjI6e3M6Mzoib2xkIjthOjA6e31zOjM6Im5ldyI7YTowOnt9fX0=', 1759729876),
('GKQaCvIh3RQ577iTDHOjkJ0XV87HB1pz4d51V0qs', NULL, '127.0.0.1', 'Mozilla/5.0 (iPhone; CPU iPhone OS 18_5 like Mac OS X) AppleWebKit/605.1.15 (KHTML, like Gecko) Version/18.5 Mobile/15E148 Safari/604.1', 'YTozOntzOjY6Il90b2tlbiI7czo0MDoiNGhiZ3NLM3RRcUU1c2JpaDZaU3hZTHZZSEdVS1lzWWNZeG0wWFdHbCI7czo5OiJfcHJldmlvdXMiO2E6MTp7czozOiJ1cmwiO3M6Mzk6Imh0dHA6Ly8xMjcuMC4wLjE6ODAwMC9hcGkvdmlkZW8tY29uZmlncyI7fXM6NjoiX2ZsYXNoIjthOjI6e3M6Mzoib2xkIjthOjA6e31zOjM6Im5ldyI7YTowOnt9fX0=', 1759729876),
('gkTV710xJoVMy4wQSE7Znce0xz8FO8Jql5qLXy9z', NULL, '127.0.0.1', 'Mozilla/5.0 (iPhone; CPU iPhone OS 18_5 like Mac OS X) AppleWebKit/605.1.15 (KHTML, like Gecko) Version/18.5 Mobile/15E148 Safari/604.1', 'YTozOntzOjY6Il90b2tlbiI7czo0MDoiN0Q3SmU4TEVUclBaV2NacnBYUlh0SWc2UElnOHhDUlBPbkR2emxGSiI7czo5OiJfcHJldmlvdXMiO2E6MTp7czozOiJ1cmwiO3M6Mzk6Imh0dHA6Ly8xMjcuMC4wLjE6ODAwMC9hcGkvdmlkZW8tY29uZmlncyI7fXM6NjoiX2ZsYXNoIjthOjI6e3M6Mzoib2xkIjthOjA6e31zOjM6Im5ldyI7YTowOnt9fX0=', 1759729877),
('gMSOntdQpSKmZSGuCTFbLVYEVR2lNcbRacIDHsjD', NULL, '127.0.0.1', 'Mozilla/5.0 (iPhone; CPU iPhone OS 18_5 like Mac OS X) AppleWebKit/605.1.15 (KHTML, like Gecko) Version/18.5 Mobile/15E148 Safari/604.1', 'YTozOntzOjY6Il90b2tlbiI7czo0MDoiZG9nQzBCd0VWR2FqdUZRTGl2S2hZRUNENUY2dllPcE1vU3IxZFhMMyI7czo5OiJfcHJldmlvdXMiO2E6MTp7czozOiJ1cmwiO3M6Mzk6Imh0dHA6Ly8xMjcuMC4wLjE6ODAwMC9hcGkvdmlkZW8tY29uZmlncyI7fXM6NjoiX2ZsYXNoIjthOjI6e3M6Mzoib2xkIjthOjA6e31zOjM6Im5ldyI7YTowOnt9fX0=', 1759729877),
('GnSW9eqGZcyjx5pUe0rTp29Y2pMAbUy5cRbDQ9qg', NULL, '127.0.0.1', 'Mozilla/5.0 (iPhone; CPU iPhone OS 18_5 like Mac OS X) AppleWebKit/605.1.15 (KHTML, like Gecko) Version/18.5 Mobile/15E148 Safari/604.1', 'YTozOntzOjY6Il90b2tlbiI7czo0MDoiQ3Z3OUtrS2FtaWRVUWVWRDlGNjJOcWtFakp1SkhFNkFIT0FXSDBHRyI7czo5OiJfcHJldmlvdXMiO2E6MTp7czozOiJ1cmwiO3M6Mzk6Imh0dHA6Ly8xMjcuMC4wLjE6ODAwMC9hcGkvdmlkZW8tY29uZmlncyI7fXM6NjoiX2ZsYXNoIjthOjI6e3M6Mzoib2xkIjthOjA6e31zOjM6Im5ldyI7YTowOnt9fX0=', 1759729877),
('Gomrypuk7pYfyjjnaVOERMn4XQ4fhm2KRrkEmxXj', NULL, '127.0.0.1', 'Mozilla/5.0 (iPhone; CPU iPhone OS 18_5 like Mac OS X) AppleWebKit/605.1.15 (KHTML, like Gecko) Version/18.5 Mobile/15E148 Safari/604.1', 'YTozOntzOjY6Il90b2tlbiI7czo0MDoiUjE5Zkh5OHpNWURHbTdmcFB5RHBkdEU5UnRGRzRVMms3ZFBLQXM1ZCI7czo5OiJfcHJldmlvdXMiO2E6MTp7czozOiJ1cmwiO3M6Mzk6Imh0dHA6Ly8xMjcuMC4wLjE6ODAwMC9hcGkvdmlkZW8tY29uZmlncyI7fXM6NjoiX2ZsYXNoIjthOjI6e3M6Mzoib2xkIjthOjA6e31zOjM6Im5ldyI7YTowOnt9fX0=', 1759729876),
('GPQHWWNoqGtlSJQDE4mbqMeSAQKAgetGEKKdgmWT', NULL, '127.0.0.1', 'Mozilla/5.0 (iPhone; CPU iPhone OS 18_5 like Mac OS X) AppleWebKit/605.1.15 (KHTML, like Gecko) Version/18.5 Mobile/15E148 Safari/604.1', 'YTozOntzOjY6Il90b2tlbiI7czo0MDoiOUFYWUNYdHZobXFiZTBnZzdxdjI5RlprbzVFeHdEOXR5NFMzYWlpbyI7czo5OiJfcHJldmlvdXMiO2E6MTp7czozOiJ1cmwiO3M6Mzk6Imh0dHA6Ly8xMjcuMC4wLjE6ODAwMC9hcGkvdmlkZW8tY29uZmlncyI7fXM6NjoiX2ZsYXNoIjthOjI6e3M6Mzoib2xkIjthOjA6e31zOjM6Im5ldyI7YTowOnt9fX0=', 1759729877),
('Gv81l5hmBO5y59VCuK36jtpqS9wEdTjkfPA7Slnx', NULL, '127.0.0.1', 'Mozilla/5.0 (iPhone; CPU iPhone OS 18_5 like Mac OS X) AppleWebKit/605.1.15 (KHTML, like Gecko) Version/18.5 Mobile/15E148 Safari/604.1', 'YTozOntzOjY6Il90b2tlbiI7czo0MDoiSTJEWXVzVUlRZmxmSFBadGptTXVzNUhrV2d5Q1ZEQ21vSmlZdDVORSI7czo5OiJfcHJldmlvdXMiO2E6MTp7czozOiJ1cmwiO3M6Mzk6Imh0dHA6Ly8xMjcuMC4wLjE6ODAwMC9hcGkvdmlkZW8tY29uZmlncyI7fXM6NjoiX2ZsYXNoIjthOjI6e3M6Mzoib2xkIjthOjA6e31zOjM6Im5ldyI7YTowOnt9fX0=', 1759729876),
('gVRUQXW9fNJkoOepUF01KsLRSoOu1hn8xovbdPZT', NULL, '127.0.0.1', 'Mozilla/5.0 (iPhone; CPU iPhone OS 18_5 like Mac OS X) AppleWebKit/605.1.15 (KHTML, like Gecko) Version/18.5 Mobile/15E148 Safari/604.1', 'YTozOntzOjY6Il90b2tlbiI7czo0MDoiWlowbGJ0Ym9mZ2JvdEdyYVhMWkhRYmg0OHB1ODRRQmpabjhkWE9XcSI7czo5OiJfcHJldmlvdXMiO2E6MTp7czozOiJ1cmwiO3M6Mzk6Imh0dHA6Ly8xMjcuMC4wLjE6ODAwMC9hcGkvdmlkZW8tY29uZmlncyI7fXM6NjoiX2ZsYXNoIjthOjI6e3M6Mzoib2xkIjthOjA6e31zOjM6Im5ldyI7YTowOnt9fX0=', 1759729876),
('GVU0YZu13CREIBaDQlyiIV2xLUcJAmpdi0f8i486', NULL, '127.0.0.1', 'Mozilla/5.0 (iPhone; CPU iPhone OS 18_5 like Mac OS X) AppleWebKit/605.1.15 (KHTML, like Gecko) Version/18.5 Mobile/15E148 Safari/604.1', 'YTozOntzOjY6Il90b2tlbiI7czo0MDoiZmlCZlkwV0Fiend3ZGg2UnBqd2dDWU42MWVwamwxSGcwMFI2UXRBTSI7czo5OiJfcHJldmlvdXMiO2E6MTp7czozOiJ1cmwiO3M6Mzk6Imh0dHA6Ly8xMjcuMC4wLjE6ODAwMC9hcGkvdmlkZW8tY29uZmlncyI7fXM6NjoiX2ZsYXNoIjthOjI6e3M6Mzoib2xkIjthOjA6e31zOjM6Im5ldyI7YTowOnt9fX0=', 1759729876),
('H5EHFLGo5N9PApWn4VRdchm2RAniknINvWqx3P9F', NULL, '127.0.0.1', 'Mozilla/5.0 (iPhone; CPU iPhone OS 18_5 like Mac OS X) AppleWebKit/605.1.15 (KHTML, like Gecko) Version/18.5 Mobile/15E148 Safari/604.1', 'YTozOntzOjY6Il90b2tlbiI7czo0MDoiU1B1dFFtT0tDNXlaU0cyUG12Y3ZPdW5qa2ZxcVZ2ZmNkZ2w0eDc3MCI7czo5OiJfcHJldmlvdXMiO2E6MTp7czozOiJ1cmwiO3M6Mzk6Imh0dHA6Ly8xMjcuMC4wLjE6ODAwMC9hcGkvdmlkZW8tY29uZmlncyI7fXM6NjoiX2ZsYXNoIjthOjI6e3M6Mzoib2xkIjthOjA6e31zOjM6Im5ldyI7YTowOnt9fX0=', 1759729876),
('HulZfmxfyO5mfDgJfvj4scB1M1bGQ1bSdb6xJNnh', NULL, '127.0.0.1', 'Mozilla/5.0 (iPhone; CPU iPhone OS 18_5 like Mac OS X) AppleWebKit/605.1.15 (KHTML, like Gecko) Version/18.5 Mobile/15E148 Safari/604.1', 'YTozOntzOjY6Il90b2tlbiI7czo0MDoiSEFGSmpNVVozT0FvT0JIUnBYczJoQVFBaHo4TEc4YmN2VEd3RUJzViI7czo5OiJfcHJldmlvdXMiO2E6MTp7czozOiJ1cmwiO3M6Mzk6Imh0dHA6Ly8xMjcuMC4wLjE6ODAwMC9hcGkvdmlkZW8tY29uZmlncyI7fXM6NjoiX2ZsYXNoIjthOjI6e3M6Mzoib2xkIjthOjA6e31zOjM6Im5ldyI7YTowOnt9fX0=', 1759729878),
('I2bUsEKXdMmsxMLCN8gmlNtanHCXp7xO63mIY7EO', NULL, '127.0.0.1', 'Mozilla/5.0 (iPhone; CPU iPhone OS 18_5 like Mac OS X) AppleWebKit/605.1.15 (KHTML, like Gecko) Version/18.5 Mobile/15E148 Safari/604.1', 'YTozOntzOjY6Il90b2tlbiI7czo0MDoidUxySXp3TEx2R0ZhcXdLTG0zWEZNWUNKak1DbUZXSFVQN0FDeXRsdCI7czo5OiJfcHJldmlvdXMiO2E6MTp7czozOiJ1cmwiO3M6Mzk6Imh0dHA6Ly8xMjcuMC4wLjE6ODAwMC9hcGkvdmlkZW8tY29uZmlncyI7fXM6NjoiX2ZsYXNoIjthOjI6e3M6Mzoib2xkIjthOjA6e31zOjM6Im5ldyI7YTowOnt9fX0=', 1759729876),
('Ijp9c14LmcpVrFZJ3VI9otvWWCZ57G9B3cxAkxpB', NULL, '127.0.0.1', 'Mozilla/5.0 (iPhone; CPU iPhone OS 18_5 like Mac OS X) AppleWebKit/605.1.15 (KHTML, like Gecko) Version/18.5 Mobile/15E148 Safari/604.1', 'YTozOntzOjY6Il90b2tlbiI7czo0MDoiVEdPRDZwT3RDcmRtODV4SWQxc2RObEJTNVZST1duUHd6UGd5bFB1UyI7czo5OiJfcHJldmlvdXMiO2E6MTp7czozOiJ1cmwiO3M6Mzk6Imh0dHA6Ly8xMjcuMC4wLjE6ODAwMC9hcGkvdmlkZW8tY29uZmlncyI7fXM6NjoiX2ZsYXNoIjthOjI6e3M6Mzoib2xkIjthOjA6e31zOjM6Im5ldyI7YTowOnt9fX0=', 1759729876),
('IJtov3a9AQ8cftVN7t54nAGXKUhF7l6FteH4Oenp', NULL, '127.0.0.1', 'Mozilla/5.0 (iPhone; CPU iPhone OS 18_5 like Mac OS X) AppleWebKit/605.1.15 (KHTML, like Gecko) Version/18.5 Mobile/15E148 Safari/604.1', 'YTozOntzOjY6Il90b2tlbiI7czo0MDoidmJjY21YNHo3T0UzNWxTMUsyZ1psRHFmRnhHRFdwTktINmdXMGlwViI7czo5OiJfcHJldmlvdXMiO2E6MTp7czozOiJ1cmwiO3M6Mzk6Imh0dHA6Ly8xMjcuMC4wLjE6ODAwMC9hcGkvdmlkZW8tY29uZmlncyI7fXM6NjoiX2ZsYXNoIjthOjI6e3M6Mzoib2xkIjthOjA6e31zOjM6Im5ldyI7YTowOnt9fX0=', 1759729876),
('IRpiWIWSY1cDqraKHL9c0CvH1eEqNymuJGifY0bf', NULL, '127.0.0.1', 'Mozilla/5.0 (iPhone; CPU iPhone OS 18_5 like Mac OS X) AppleWebKit/605.1.15 (KHTML, like Gecko) Version/18.5 Mobile/15E148 Safari/604.1', 'YTozOntzOjY6Il90b2tlbiI7czo0MDoiVE14c2NsdEJrblpEWnpOQU9lT2J0VWlzNFFockFuTThZV2UwR1RZeCI7czo5OiJfcHJldmlvdXMiO2E6MTp7czozOiJ1cmwiO3M6Mzk6Imh0dHA6Ly8xMjcuMC4wLjE6ODAwMC9hcGkvdmlkZW8tY29uZmlncyI7fXM6NjoiX2ZsYXNoIjthOjI6e3M6Mzoib2xkIjthOjA6e31zOjM6Im5ldyI7YTowOnt9fX0=', 1759729877),
('ivQgj2dmDLJSqbrRFuu8XYlxc91HHfsAAPY6v2eU', NULL, '127.0.0.1', 'Mozilla/5.0 (iPhone; CPU iPhone OS 18_5 like Mac OS X) AppleWebKit/605.1.15 (KHTML, like Gecko) Version/18.5 Mobile/15E148 Safari/604.1', 'YTozOntzOjY6Il90b2tlbiI7czo0MDoiakxMckVmQWxoZ2QzeDBrSG9aNUpKelFDczJUd2Rkd3FTeXhGOXhiZyI7czo5OiJfcHJldmlvdXMiO2E6MTp7czozOiJ1cmwiO3M6Mzk6Imh0dHA6Ly8xMjcuMC4wLjE6ODAwMC9hcGkvdmlkZW8tY29uZmlncyI7fXM6NjoiX2ZsYXNoIjthOjI6e3M6Mzoib2xkIjthOjA6e31zOjM6Im5ldyI7YTowOnt9fX0=', 1759729876),
('JErOHqNQ5vGngydiX70TZliUqKBv5oKWI0xzNBCM', NULL, '127.0.0.1', 'Mozilla/5.0 (iPhone; CPU iPhone OS 18_5 like Mac OS X) AppleWebKit/605.1.15 (KHTML, like Gecko) Version/18.5 Mobile/15E148 Safari/604.1', 'YTozOntzOjY6Il90b2tlbiI7czo0MDoib1BscmtKZnRvTDZScHZhQmJXWE9URG4xV0pyaUR2REs1UDBNVFN6UCI7czo5OiJfcHJldmlvdXMiO2E6MTp7czozOiJ1cmwiO3M6Mzk6Imh0dHA6Ly8xMjcuMC4wLjE6ODAwMC9hcGkvdmlkZW8tY29uZmlncyI7fXM6NjoiX2ZsYXNoIjthOjI6e3M6Mzoib2xkIjthOjA6e31zOjM6Im5ldyI7YTowOnt9fX0=', 1759729876),
('LPhhFsHVSnCAWqnO7nhxbwe2NWDWj2EBZMSMTDxi', NULL, '127.0.0.1', 'Mozilla/5.0 (iPhone; CPU iPhone OS 18_5 like Mac OS X) AppleWebKit/605.1.15 (KHTML, like Gecko) Version/18.5 Mobile/15E148 Safari/604.1', 'YTozOntzOjY6Il90b2tlbiI7czo0MDoibWNXRUh5bEJ2TG9TbnJnQTdCNlV6dUJFb1VsWUpBbmtpaVZOM0dCUCI7czo5OiJfcHJldmlvdXMiO2E6MTp7czozOiJ1cmwiO3M6Mzk6Imh0dHA6Ly8xMjcuMC4wLjE6ODAwMC9hcGkvdmlkZW8tY29uZmlncyI7fXM6NjoiX2ZsYXNoIjthOjI6e3M6Mzoib2xkIjthOjA6e31zOjM6Im5ldyI7YTowOnt9fX0=', 1759729877),
('lrgxHRJELhgSxeq2NONieh4WdBRzugMRNDCcc7mn', NULL, '127.0.0.1', 'Mozilla/5.0 (iPhone; CPU iPhone OS 18_5 like Mac OS X) AppleWebKit/605.1.15 (KHTML, like Gecko) Version/18.5 Mobile/15E148 Safari/604.1', 'YTozOntzOjY6Il90b2tlbiI7czo0MDoibE5laFREdHpQV2FtdjIzN0dCUVVjM0xIWjdDTUdjODBURWtBRU9iSCI7czo5OiJfcHJldmlvdXMiO2E6MTp7czozOiJ1cmwiO3M6Mzk6Imh0dHA6Ly8xMjcuMC4wLjE6ODAwMC9hcGkvdmlkZW8tY29uZmlncyI7fXM6NjoiX2ZsYXNoIjthOjI6e3M6Mzoib2xkIjthOjA6e31zOjM6Im5ldyI7YTowOnt9fX0=', 1759729877),
('LVHwIMY5F5WXGcMmee04Yo2s8emUbQTlgOD5whIq', NULL, '127.0.0.1', 'Mozilla/5.0 (iPhone; CPU iPhone OS 18_5 like Mac OS X) AppleWebKit/605.1.15 (KHTML, like Gecko) Version/18.5 Mobile/15E148 Safari/604.1', 'YTozOntzOjY6Il90b2tlbiI7czo0MDoiZkFFUVhjbmw5YUxBTFA1WUhQckNoVlJjcVVBSFNPb2RPS2RqQXdpbyI7czo5OiJfcHJldmlvdXMiO2E6MTp7czozOiJ1cmwiO3M6Mzk6Imh0dHA6Ly8xMjcuMC4wLjE6ODAwMC9hcGkvdmlkZW8tY29uZmlncyI7fXM6NjoiX2ZsYXNoIjthOjI6e3M6Mzoib2xkIjthOjA6e31zOjM6Im5ldyI7YTowOnt9fX0=', 1759729877),
('lW27ROOkU23rgRwmcVptKEPy0ByapbakawBcx7dJ', NULL, '127.0.0.1', 'Mozilla/5.0 (iPhone; CPU iPhone OS 18_5 like Mac OS X) AppleWebKit/605.1.15 (KHTML, like Gecko) Version/18.5 Mobile/15E148 Safari/604.1', 'YTozOntzOjY6Il90b2tlbiI7czo0MDoiZjc2M09JVEw2Y0RoUFNRMnpaTHN5MWZmZEpVMUVEN2w0OEVyenc3cCI7czo5OiJfcHJldmlvdXMiO2E6MTp7czozOiJ1cmwiO3M6Mzk6Imh0dHA6Ly8xMjcuMC4wLjE6ODAwMC9hcGkvdmlkZW8tY29uZmlncyI7fXM6NjoiX2ZsYXNoIjthOjI6e3M6Mzoib2xkIjthOjA6e31zOjM6Im5ldyI7YTowOnt9fX0=', 1759729877),
('M46HPJ7g1TbpBpVkF1vF9qWkcTMD6XAiLWZuJXiQ', NULL, '127.0.0.1', 'Mozilla/5.0 (iPhone; CPU iPhone OS 18_5 like Mac OS X) AppleWebKit/605.1.15 (KHTML, like Gecko) Version/18.5 Mobile/15E148 Safari/604.1', 'YTozOntzOjY6Il90b2tlbiI7czo0MDoiNzZOVWdtekFOb0hXeE5jY3BYaXRnSVQyNVBFd0RzODk1cm5lQWJWbyI7czo5OiJfcHJldmlvdXMiO2E6MTp7czozOiJ1cmwiO3M6Mzk6Imh0dHA6Ly8xMjcuMC4wLjE6ODAwMC9hcGkvdmlkZW8tY29uZmlncyI7fXM6NjoiX2ZsYXNoIjthOjI6e3M6Mzoib2xkIjthOjA6e31zOjM6Im5ldyI7YTowOnt9fX0=', 1759729877),
('mab4GhUMaOYnQv55el3xsF7DtCovCps1hXUbbiSc', NULL, '127.0.0.1', 'Mozilla/5.0 (iPhone; CPU iPhone OS 18_5 like Mac OS X) AppleWebKit/605.1.15 (KHTML, like Gecko) Version/18.5 Mobile/15E148 Safari/604.1', 'YTozOntzOjY6Il90b2tlbiI7czo0MDoiYVVPWlJsbkZkWEhKWFRzVnNsRlo1RlVpYnpnZW1aZGlFNklET1EyVCI7czo5OiJfcHJldmlvdXMiO2E6MTp7czozOiJ1cmwiO3M6Mzk6Imh0dHA6Ly8xMjcuMC4wLjE6ODAwMC9hcGkvdmlkZW8tY29uZmlncyI7fXM6NjoiX2ZsYXNoIjthOjI6e3M6Mzoib2xkIjthOjA6e31zOjM6Im5ldyI7YTowOnt9fX0=', 1759729876),
('MImSeDbPngBr4hEk1bHE58Ncc2D924ekq7rel91p', NULL, '127.0.0.1', 'Mozilla/5.0 (iPhone; CPU iPhone OS 18_5 like Mac OS X) AppleWebKit/605.1.15 (KHTML, like Gecko) Version/18.5 Mobile/15E148 Safari/604.1', 'YTozOntzOjY6Il90b2tlbiI7czo0MDoiR1R3TUFBRDQ4U1FFNWMyRGlHVHAxZVFGbG02MzFjWUJyMHpTZktzbSI7czo5OiJfcHJldmlvdXMiO2E6MTp7czozOiJ1cmwiO3M6Mzk6Imh0dHA6Ly8xMjcuMC4wLjE6ODAwMC9hcGkvdmlkZW8tY29uZmlncyI7fXM6NjoiX2ZsYXNoIjthOjI6e3M6Mzoib2xkIjthOjA6e31zOjM6Im5ldyI7YTowOnt9fX0=', 1759729876),
('mui9gRBolDlGfyTgi6RmWCT3CLBYDk0MCOeR1wVh', NULL, '127.0.0.1', 'Mozilla/5.0 (iPhone; CPU iPhone OS 18_5 like Mac OS X) AppleWebKit/605.1.15 (KHTML, like Gecko) Version/18.5 Mobile/15E148 Safari/604.1', 'YTozOntzOjY6Il90b2tlbiI7czo0MDoiYklUSUFWa3VSVzk2RFcxYmExeG5hUUk4Q0dMM2lBaUJuaHJ1eERMTiI7czo5OiJfcHJldmlvdXMiO2E6MTp7czozOiJ1cmwiO3M6Mzk6Imh0dHA6Ly8xMjcuMC4wLjE6ODAwMC9hcGkvdmlkZW8tY29uZmlncyI7fXM6NjoiX2ZsYXNoIjthOjI6e3M6Mzoib2xkIjthOjA6e31zOjM6Im5ldyI7YTowOnt9fX0=', 1759729877),
('MZzzDHcJa0UeOi8v7SpoKu3HggSyfB56Hh6D470Y', NULL, '127.0.0.1', 'Mozilla/5.0 (iPhone; CPU iPhone OS 18_5 like Mac OS X) AppleWebKit/605.1.15 (KHTML, like Gecko) Version/18.5 Mobile/15E148 Safari/604.1', 'YTozOntzOjY6Il90b2tlbiI7czo0MDoiQnBRSFVRamZ6MmdxbGpMb1NkSHRtQWJTcUowQlFqRUx3SDVhMVNENCI7czo5OiJfcHJldmlvdXMiO2E6MTp7czozOiJ1cmwiO3M6Mzk6Imh0dHA6Ly8xMjcuMC4wLjE6ODAwMC9hcGkvdmlkZW8tY29uZmlncyI7fXM6NjoiX2ZsYXNoIjthOjI6e3M6Mzoib2xkIjthOjA6e31zOjM6Im5ldyI7YTowOnt9fX0=', 1759729877),
('NAqa3ZFZCRKsZuiTQLFU376915WgV4ajSEN9KM6B', NULL, '127.0.0.1', 'Mozilla/5.0 (iPhone; CPU iPhone OS 18_5 like Mac OS X) AppleWebKit/605.1.15 (KHTML, like Gecko) Version/18.5 Mobile/15E148 Safari/604.1', 'YTozOntzOjY6Il90b2tlbiI7czo0MDoiakRDeWRKTnVnOEU2SVJka0NNNU5NZThBZmowdkFyR0NQdnc3QWZPRiI7czo5OiJfcHJldmlvdXMiO2E6MTp7czozOiJ1cmwiO3M6Mzk6Imh0dHA6Ly8xMjcuMC4wLjE6ODAwMC9hcGkvdmlkZW8tY29uZmlncyI7fXM6NjoiX2ZsYXNoIjthOjI6e3M6Mzoib2xkIjthOjA6e31zOjM6Im5ldyI7YTowOnt9fX0=', 1759729877),
('NELe96G28SyRYJRwLd13aY3G14apnMluEZUw5PX4', NULL, '127.0.0.1', 'Mozilla/5.0 (iPhone; CPU iPhone OS 18_5 like Mac OS X) AppleWebKit/605.1.15 (KHTML, like Gecko) Version/18.5 Mobile/15E148 Safari/604.1', 'YTozOntzOjY6Il90b2tlbiI7czo0MDoiSGF1Rk02VmNzUjZvZXMxWlJLWGJWcUJSM0tUd1kwWjJ3Z3N6MXZ3MiI7czo5OiJfcHJldmlvdXMiO2E6MTp7czozOiJ1cmwiO3M6Mzk6Imh0dHA6Ly8xMjcuMC4wLjE6ODAwMC9hcGkvdmlkZW8tY29uZmlncyI7fXM6NjoiX2ZsYXNoIjthOjI6e3M6Mzoib2xkIjthOjA6e31zOjM6Im5ldyI7YTowOnt9fX0=', 1759729877),
('nozj7a3MYxEEky9D9ZkqWHW5FCwavPJ4StXkaU6m', NULL, '127.0.0.1', 'Mozilla/5.0 (iPhone; CPU iPhone OS 18_5 like Mac OS X) AppleWebKit/605.1.15 (KHTML, like Gecko) Version/18.5 Mobile/15E148 Safari/604.1', 'YTozOntzOjY6Il90b2tlbiI7czo0MDoiYWdsbXQ5TkgwbERLbnZRV0l1M3BKTjYwR3ViS3FoVEVTQ29lN3dRNCI7czo5OiJfcHJldmlvdXMiO2E6MTp7czozOiJ1cmwiO3M6Mzk6Imh0dHA6Ly8xMjcuMC4wLjE6ODAwMC9hcGkvdmlkZW8tY29uZmlncyI7fXM6NjoiX2ZsYXNoIjthOjI6e3M6Mzoib2xkIjthOjA6e31zOjM6Im5ldyI7YTowOnt9fX0=', 1759729876),
('nPBnrvs744D1fz30y25Bf2sQWJwH5IiIb6Va2OJs', NULL, '127.0.0.1', 'Mozilla/5.0 (iPhone; CPU iPhone OS 18_5 like Mac OS X) AppleWebKit/605.1.15 (KHTML, like Gecko) Version/18.5 Mobile/15E148 Safari/604.1', 'YTozOntzOjY6Il90b2tlbiI7czo0MDoieWZ5TEROTTV0RG9oYkpaeEtGNlR1alA2MmViVjRZSERQQU9YWG01SSI7czo5OiJfcHJldmlvdXMiO2E6MTp7czozOiJ1cmwiO3M6Mzk6Imh0dHA6Ly8xMjcuMC4wLjE6ODAwMC9hcGkvdmlkZW8tY29uZmlncyI7fXM6NjoiX2ZsYXNoIjthOjI6e3M6Mzoib2xkIjthOjA6e31zOjM6Im5ldyI7YTowOnt9fX0=', 1759729876),
('nskhd57za9dD6HQtRpefV24HjHLvVtmIs6Zv5ddJ', NULL, '127.0.0.1', 'Mozilla/5.0 (iPhone; CPU iPhone OS 18_5 like Mac OS X) AppleWebKit/605.1.15 (KHTML, like Gecko) Version/18.5 Mobile/15E148 Safari/604.1', 'YTozOntzOjY6Il90b2tlbiI7czo0MDoiY0FUclBCVGFyMU5ETmNxQWphMWVwMUhleFdURXFXSGNRWEZ6SnEwUCI7czo5OiJfcHJldmlvdXMiO2E6MTp7czozOiJ1cmwiO3M6Mzk6Imh0dHA6Ly8xMjcuMC4wLjE6ODAwMC9hcGkvdmlkZW8tY29uZmlncyI7fXM6NjoiX2ZsYXNoIjthOjI6e3M6Mzoib2xkIjthOjA6e31zOjM6Im5ldyI7YTowOnt9fX0=', 1759729877),
('NzpH4oPK8sBEcXgRrmJZcI9gMElLq64BTchCCem3', NULL, '127.0.0.1', 'Mozilla/5.0 (iPhone; CPU iPhone OS 18_5 like Mac OS X) AppleWebKit/605.1.15 (KHTML, like Gecko) Version/18.5 Mobile/15E148 Safari/604.1', 'YTozOntzOjY6Il90b2tlbiI7czo0MDoiaHlMVjZjTktYb0ROZTFHMHZKR0pvWEZvRXEzdXpObzdtSXdnOGJSZyI7czo5OiJfcHJldmlvdXMiO2E6MTp7czozOiJ1cmwiO3M6Mzk6Imh0dHA6Ly8xMjcuMC4wLjE6ODAwMC9hcGkvdmlkZW8tY29uZmlncyI7fXM6NjoiX2ZsYXNoIjthOjI6e3M6Mzoib2xkIjthOjA6e31zOjM6Im5ldyI7YTowOnt9fX0=', 1759729876),
('oMlAyCVUvnhaJu5iU38ygc8wLmq26LRo7dy3zRwc', NULL, '127.0.0.1', 'Mozilla/5.0 (iPhone; CPU iPhone OS 18_5 like Mac OS X) AppleWebKit/605.1.15 (KHTML, like Gecko) Version/18.5 Mobile/15E148 Safari/604.1', 'YTozOntzOjY6Il90b2tlbiI7czo0MDoiUXdDbG5FcUdSaU5BUkhHeVB0WUhQTFByMHE2bm9NN2lxWDZNUkJmTyI7czo5OiJfcHJldmlvdXMiO2E6MTp7czozOiJ1cmwiO3M6Mzk6Imh0dHA6Ly8xMjcuMC4wLjE6ODAwMC9hcGkvdmlkZW8tY29uZmlncyI7fXM6NjoiX2ZsYXNoIjthOjI6e3M6Mzoib2xkIjthOjA6e31zOjM6Im5ldyI7YTowOnt9fX0=', 1759729876),
('OywBeSENyCJJ6ngZk5MmohiiN5rXyVDqygp065Ga', NULL, '127.0.0.1', 'Mozilla/5.0 (iPhone; CPU iPhone OS 18_5 like Mac OS X) AppleWebKit/605.1.15 (KHTML, like Gecko) Version/18.5 Mobile/15E148 Safari/604.1', 'YTozOntzOjY6Il90b2tlbiI7czo0MDoiQ1dIdnRjeENFOXBJWWc1RWszZTkxdlJZcHhvdTIyMzAzUDJ2bWhzTCI7czo5OiJfcHJldmlvdXMiO2E6MTp7czozOiJ1cmwiO3M6Mzk6Imh0dHA6Ly8xMjcuMC4wLjE6ODAwMC9hcGkvdmlkZW8tY29uZmlncyI7fXM6NjoiX2ZsYXNoIjthOjI6e3M6Mzoib2xkIjthOjA6e31zOjM6Im5ldyI7YTowOnt9fX0=', 1759729876),
('p2ENBNFH5jDmuRwsMWa9HRYtXdI6QgXsTWvHZa4I', NULL, '127.0.0.1', 'Mozilla/5.0 (iPhone; CPU iPhone OS 18_5 like Mac OS X) AppleWebKit/605.1.15 (KHTML, like Gecko) Version/18.5 Mobile/15E148 Safari/604.1', 'YTozOntzOjY6Il90b2tlbiI7czo0MDoiSGRWRnNLRjFUUnl3aFBpOHU0aUFyWnFvbnlrRVN2ZWE5am5vNUs2eiI7czo5OiJfcHJldmlvdXMiO2E6MTp7czozOiJ1cmwiO3M6Mzk6Imh0dHA6Ly8xMjcuMC4wLjE6ODAwMC9hcGkvdmlkZW8tY29uZmlncyI7fXM6NjoiX2ZsYXNoIjthOjI6e3M6Mzoib2xkIjthOjA6e31zOjM6Im5ldyI7YTowOnt9fX0=', 1759729877),
('p3hE9OJi2uiTSdWuAVeAQyemE2XHjCtbyndrbEnm', NULL, '127.0.0.1', 'Mozilla/5.0 (iPhone; CPU iPhone OS 18_5 like Mac OS X) AppleWebKit/605.1.15 (KHTML, like Gecko) Version/18.5 Mobile/15E148 Safari/604.1', 'YTozOntzOjY6Il90b2tlbiI7czo0MDoiekxwcUpXcUxCSThnSkZvQU9nWjRaZndESHdaTjVUbGlWRVIxcDVNVyI7czo5OiJfcHJldmlvdXMiO2E6MTp7czozOiJ1cmwiO3M6Mzk6Imh0dHA6Ly8xMjcuMC4wLjE6ODAwMC9hcGkvdmlkZW8tY29uZmlncyI7fXM6NjoiX2ZsYXNoIjthOjI6e3M6Mzoib2xkIjthOjA6e31zOjM6Im5ldyI7YTowOnt9fX0=', 1759729877),
('Pc0xN9HflVUL2XUVAeNL34aMW50FPhr8UomjJaP2', NULL, '127.0.0.1', 'Mozilla/5.0 (iPhone; CPU iPhone OS 18_5 like Mac OS X) AppleWebKit/605.1.15 (KHTML, like Gecko) Version/18.5 Mobile/15E148 Safari/604.1', 'YTozOntzOjY6Il90b2tlbiI7czo0MDoib3FhTjF1cFlQR291dWViNTdnNU1VeERLTmpoQVBCSHpwYjVndlV1NCI7czo5OiJfcHJldmlvdXMiO2E6MTp7czozOiJ1cmwiO3M6Mzk6Imh0dHA6Ly8xMjcuMC4wLjE6ODAwMC9hcGkvdmlkZW8tY29uZmlncyI7fXM6NjoiX2ZsYXNoIjthOjI6e3M6Mzoib2xkIjthOjA6e31zOjM6Im5ldyI7YTowOnt9fX0=', 1759729876),
('Pcqmp8L6dRFJVwR6btvKwT92n2hFenoNzKGGJAQC', NULL, '127.0.0.1', 'Mozilla/5.0 (iPhone; CPU iPhone OS 18_5 like Mac OS X) AppleWebKit/605.1.15 (KHTML, like Gecko) Version/18.5 Mobile/15E148 Safari/604.1', 'YTozOntzOjY6Il90b2tlbiI7czo0MDoiWHE5dlBRR01RakJ2V2hHTXFHdnQ2UnVwYXhEZ0FOcGJaS0tRdXhDRSI7czo5OiJfcHJldmlvdXMiO2E6MTp7czozOiJ1cmwiO3M6Mzk6Imh0dHA6Ly8xMjcuMC4wLjE6ODAwMC9hcGkvdmlkZW8tY29uZmlncyI7fXM6NjoiX2ZsYXNoIjthOjI6e3M6Mzoib2xkIjthOjA6e31zOjM6Im5ldyI7YTowOnt9fX0=', 1759729876),
('Pgpz3Vb6Vt2NTL3uhx9hqKXPK5YNyTZqoVeqgOcA', NULL, '127.0.0.1', 'Mozilla/5.0 (iPhone; CPU iPhone OS 18_5 like Mac OS X) AppleWebKit/605.1.15 (KHTML, like Gecko) Version/18.5 Mobile/15E148 Safari/604.1', 'YTozOntzOjY6Il90b2tlbiI7czo0MDoiUUl0OE9OcGdMTm5mR3hiN1BUdlFpNVJreGlJU3V1dG5EZHhsaUxOSCI7czo5OiJfcHJldmlvdXMiO2E6MTp7czozOiJ1cmwiO3M6Mzk6Imh0dHA6Ly8xMjcuMC4wLjE6ODAwMC9hcGkvdmlkZW8tY29uZmlncyI7fXM6NjoiX2ZsYXNoIjthOjI6e3M6Mzoib2xkIjthOjA6e31zOjM6Im5ldyI7YTowOnt9fX0=', 1759729877),
('PGugdyqAj1RvM78UzYoPDewXWLLAMqM68UqrrMlA', NULL, '127.0.0.1', 'Mozilla/5.0 (iPhone; CPU iPhone OS 18_5 like Mac OS X) AppleWebKit/605.1.15 (KHTML, like Gecko) Version/18.5 Mobile/15E148 Safari/604.1', 'YTozOntzOjY6Il90b2tlbiI7czo0MDoid1diMUgxMkxOVEJlVHFuNlpWWU9nV0RGN2R4M1VtcXdYWXNudjJDcyI7czo5OiJfcHJldmlvdXMiO2E6MTp7czozOiJ1cmwiO3M6Mzk6Imh0dHA6Ly8xMjcuMC4wLjE6ODAwMC9hcGkvdmlkZW8tY29uZmlncyI7fXM6NjoiX2ZsYXNoIjthOjI6e3M6Mzoib2xkIjthOjA6e31zOjM6Im5ldyI7YTowOnt9fX0=', 1759729877),
('pOB2qamFCTotwkKmtbVKbpdTRcxcvKo3rKKZpsDk', NULL, '127.0.0.1', 'Mozilla/5.0 (iPhone; CPU iPhone OS 18_5 like Mac OS X) AppleWebKit/605.1.15 (KHTML, like Gecko) Version/18.5 Mobile/15E148 Safari/604.1', 'YTozOntzOjY6Il90b2tlbiI7czo0MDoicTZmQXNodEVJVGdrYnB0cEY2VktYemZjWERtaHUxa25PSllRR0xWcSI7czo5OiJfcHJldmlvdXMiO2E6MTp7czozOiJ1cmwiO3M6Mzk6Imh0dHA6Ly8xMjcuMC4wLjE6ODAwMC9hcGkvdmlkZW8tY29uZmlncyI7fXM6NjoiX2ZsYXNoIjthOjI6e3M6Mzoib2xkIjthOjA6e31zOjM6Im5ldyI7YTowOnt9fX0=', 1759729876),
('PSrZUzbyXECIvu92echgCTCgPS6R5hD6oW4XTWMb', NULL, '127.0.0.1', 'Mozilla/5.0 (iPhone; CPU iPhone OS 18_5 like Mac OS X) AppleWebKit/605.1.15 (KHTML, like Gecko) Version/18.5 Mobile/15E148 Safari/604.1', 'YTozOntzOjY6Il90b2tlbiI7czo0MDoiR1hBY3l6enNIU3gzNEJYenNyWFgzS0Rja2tWY0l0T1dtbk85Z01XVCI7czo5OiJfcHJldmlvdXMiO2E6MTp7czozOiJ1cmwiO3M6Mzk6Imh0dHA6Ly8xMjcuMC4wLjE6ODAwMC9hcGkvdmlkZW8tY29uZmlncyI7fXM6NjoiX2ZsYXNoIjthOjI6e3M6Mzoib2xkIjthOjA6e31zOjM6Im5ldyI7YTowOnt9fX0=', 1759729876),
('pXpHjRFOuA0dksSEMAluyPoeP0oJuYh4lnYd6zlo', NULL, '127.0.0.1', 'Mozilla/5.0 (iPhone; CPU iPhone OS 18_5 like Mac OS X) AppleWebKit/605.1.15 (KHTML, like Gecko) Version/18.5 Mobile/15E148 Safari/604.1', 'YTozOntzOjY6Il90b2tlbiI7czo0MDoiMzhwYTZQRkUxQmxSWVdiaXpWOHFRRUhodjMyVE5TVUNzTndDYkU4RCI7czo5OiJfcHJldmlvdXMiO2E6MTp7czozOiJ1cmwiO3M6Mzk6Imh0dHA6Ly8xMjcuMC4wLjE6ODAwMC9hcGkvdmlkZW8tY29uZmlncyI7fXM6NjoiX2ZsYXNoIjthOjI6e3M6Mzoib2xkIjthOjA6e31zOjM6Im5ldyI7YTowOnt9fX0=', 1759729877),
('QGkXBAK7jiVuCDd7fPLKOBgyEOfkCQ9UgfwLi6NA', NULL, '127.0.0.1', 'Mozilla/5.0 (iPhone; CPU iPhone OS 18_5 like Mac OS X) AppleWebKit/605.1.15 (KHTML, like Gecko) Version/18.5 Mobile/15E148 Safari/604.1', 'YTozOntzOjY6Il90b2tlbiI7czo0MDoiQ1BFNlg4UFo2cnFjWVR5aHB1bmZpak03VVk3dXFwbUxlalV4VHRuaiI7czo5OiJfcHJldmlvdXMiO2E6MTp7czozOiJ1cmwiO3M6Mzk6Imh0dHA6Ly8xMjcuMC4wLjE6ODAwMC9hcGkvdmlkZW8tY29uZmlncyI7fXM6NjoiX2ZsYXNoIjthOjI6e3M6Mzoib2xkIjthOjA6e31zOjM6Im5ldyI7YTowOnt9fX0=', 1759729877),
('QGxN40z7XdBqUhtAXyUBU7S7g50KoVPRLt4Oi5vo', NULL, '127.0.0.1', 'Mozilla/5.0 (iPhone; CPU iPhone OS 18_5 like Mac OS X) AppleWebKit/605.1.15 (KHTML, like Gecko) Version/18.5 Mobile/15E148 Safari/604.1', 'YTozOntzOjY6Il90b2tlbiI7czo0MDoibGNxVXpCcXhQYmlYaGp5M1RNREF3UlJEWmdvVE9xZnJ2cmcxaXE2bSI7czo5OiJfcHJldmlvdXMiO2E6MTp7czozOiJ1cmwiO3M6Mzk6Imh0dHA6Ly8xMjcuMC4wLjE6ODAwMC9hcGkvdmlkZW8tY29uZmlncyI7fXM6NjoiX2ZsYXNoIjthOjI6e3M6Mzoib2xkIjthOjA6e31zOjM6Im5ldyI7YTowOnt9fX0=', 1759729877),
('QLsKvg0NBIPiFtp7Ni8JiQHdcsyKqxsDLkqSOA06', NULL, '127.0.0.1', 'Mozilla/5.0 (iPhone; CPU iPhone OS 18_5 like Mac OS X) AppleWebKit/605.1.15 (KHTML, like Gecko) Version/18.5 Mobile/15E148 Safari/604.1', 'YTozOntzOjY6Il90b2tlbiI7czo0MDoicDA5eWpwOU02YzRmQWh2a1M4eElpckV1ZWhDb0UzWlF6VjZrUFJYaSI7czo5OiJfcHJldmlvdXMiO2E6MTp7czozOiJ1cmwiO3M6Mzk6Imh0dHA6Ly8xMjcuMC4wLjE6ODAwMC9hcGkvdmlkZW8tY29uZmlncyI7fXM6NjoiX2ZsYXNoIjthOjI6e3M6Mzoib2xkIjthOjA6e31zOjM6Im5ldyI7YTowOnt9fX0=', 1759729876),
('QpyI6PLyKGZQHePqYncZSSXnxI5c7F8DRhdZ7gg9', NULL, '127.0.0.1', 'Mozilla/5.0 (iPhone; CPU iPhone OS 18_5 like Mac OS X) AppleWebKit/605.1.15 (KHTML, like Gecko) Version/18.5 Mobile/15E148 Safari/604.1', 'YTozOntzOjY6Il90b2tlbiI7czo0MDoiNGFlZEI1SXA4NHd2VzBqajBJc2kwUVZOTVMybDdwTTh3ajR3bmFsUyI7czo5OiJfcHJldmlvdXMiO2E6MTp7czozOiJ1cmwiO3M6Mzk6Imh0dHA6Ly8xMjcuMC4wLjE6ODAwMC9hcGkvdmlkZW8tY29uZmlncyI7fXM6NjoiX2ZsYXNoIjthOjI6e3M6Mzoib2xkIjthOjA6e31zOjM6Im5ldyI7YTowOnt9fX0=', 1759729877),
('QR51tPcqjnvaikYnZmIED2zYrOx8I1mMQqubk4KO', NULL, '127.0.0.1', 'Mozilla/5.0 (iPhone; CPU iPhone OS 18_5 like Mac OS X) AppleWebKit/605.1.15 (KHTML, like Gecko) Version/18.5 Mobile/15E148 Safari/604.1', 'YTozOntzOjY6Il90b2tlbiI7czo0MDoiYmQzVzBHWEY5Z2o0S3N3cFY3YTBRT3FXT0lRYkR1T2M0RVVveHVHOCI7czo5OiJfcHJldmlvdXMiO2E6MTp7czozOiJ1cmwiO3M6Mzk6Imh0dHA6Ly8xMjcuMC4wLjE6ODAwMC9hcGkvdmlkZW8tY29uZmlncyI7fXM6NjoiX2ZsYXNoIjthOjI6e3M6Mzoib2xkIjthOjA6e31zOjM6Im5ldyI7YTowOnt9fX0=', 1759729877),
('qRpG4J5Tw75Crg99ItrgWrVsU0RK8BYHGUuBYdzZ', NULL, '127.0.0.1', 'Mozilla/5.0 (iPhone; CPU iPhone OS 18_5 like Mac OS X) AppleWebKit/605.1.15 (KHTML, like Gecko) Version/18.5 Mobile/15E148 Safari/604.1', 'YTozOntzOjY6Il90b2tlbiI7czo0MDoic2QyaUVUYUpTa1dseEhBVTR1TXlndldVMDI1T3E1UkdkWmpBV29RYSI7czo5OiJfcHJldmlvdXMiO2E6MTp7czozOiJ1cmwiO3M6Mzk6Imh0dHA6Ly8xMjcuMC4wLjE6ODAwMC9hcGkvdmlkZW8tY29uZmlncyI7fXM6NjoiX2ZsYXNoIjthOjI6e3M6Mzoib2xkIjthOjA6e31zOjM6Im5ldyI7YTowOnt9fX0=', 1759729876),
('Qrwndk8ES99W1agPFJvk8nWgz29jgBaBNTb1KyuV', NULL, '127.0.0.1', 'Mozilla/5.0 (iPhone; CPU iPhone OS 18_5 like Mac OS X) AppleWebKit/605.1.15 (KHTML, like Gecko) Version/18.5 Mobile/15E148 Safari/604.1', 'YTozOntzOjY6Il90b2tlbiI7czo0MDoiWWlnT1NZalczWjhNaGM4dFFtOVBhNm1PTE95bzBreFV4V1dLVGx3SSI7czo5OiJfcHJldmlvdXMiO2E6MTp7czozOiJ1cmwiO3M6Mzk6Imh0dHA6Ly8xMjcuMC4wLjE6ODAwMC9hcGkvdmlkZW8tY29uZmlncyI7fXM6NjoiX2ZsYXNoIjthOjI6e3M6Mzoib2xkIjthOjA6e31zOjM6Im5ldyI7YTowOnt9fX0=', 1759729876),
('QuJMdMlm9Xu1YCX2xML5TbS6A3S1M2U6dVPNPqPZ', NULL, '127.0.0.1', 'Mozilla/5.0 (iPhone; CPU iPhone OS 18_5 like Mac OS X) AppleWebKit/605.1.15 (KHTML, like Gecko) Version/18.5 Mobile/15E148 Safari/604.1', 'YTozOntzOjY6Il90b2tlbiI7czo0MDoiR2YxeUM5VEZRWUdldHl0RFV0bWFNOUJrZ2Ezcng0czNkaEVKeDlseSI7czo5OiJfcHJldmlvdXMiO2E6MTp7czozOiJ1cmwiO3M6Mzk6Imh0dHA6Ly8xMjcuMC4wLjE6ODAwMC9hcGkvdmlkZW8tY29uZmlncyI7fXM6NjoiX2ZsYXNoIjthOjI6e3M6Mzoib2xkIjthOjA6e31zOjM6Im5ldyI7YTowOnt9fX0=', 1759729877),
('qvzuiBI4KARUbx5mysuBbi3aTAIZqJQydvnvDRvn', NULL, '127.0.0.1', 'Mozilla/5.0 (iPhone; CPU iPhone OS 18_5 like Mac OS X) AppleWebKit/605.1.15 (KHTML, like Gecko) Version/18.5 Mobile/15E148 Safari/604.1', 'YTozOntzOjY6Il90b2tlbiI7czo0MDoiSTJXUmowTkdQMnBERHlkYmFzQThzUnc0blB2VlZUdmZEcTZJaTJLWCI7czo5OiJfcHJldmlvdXMiO2E6MTp7czozOiJ1cmwiO3M6Mzk6Imh0dHA6Ly8xMjcuMC4wLjE6ODAwMC9hcGkvdmlkZW8tY29uZmlncyI7fXM6NjoiX2ZsYXNoIjthOjI6e3M6Mzoib2xkIjthOjA6e31zOjM6Im5ldyI7YTowOnt9fX0=', 1759729876),
('R2d4P6DgFwAfHTdWJ3OUIGUtxx2RZEApux6QNsaM', NULL, '127.0.0.1', 'Mozilla/5.0 (iPhone; CPU iPhone OS 18_5 like Mac OS X) AppleWebKit/605.1.15 (KHTML, like Gecko) Version/18.5 Mobile/15E148 Safari/604.1', 'YTozOntzOjY6Il90b2tlbiI7czo0MDoiMlpyWmF5RXlWbFNOa1NwWFRWdkIyUWtkWGNIc3FDaDA5eUs5Sm5BVCI7czo5OiJfcHJldmlvdXMiO2E6MTp7czozOiJ1cmwiO3M6Mzk6Imh0dHA6Ly8xMjcuMC4wLjE6ODAwMC9hcGkvdmlkZW8tY29uZmlncyI7fXM6NjoiX2ZsYXNoIjthOjI6e3M6Mzoib2xkIjthOjA6e31zOjM6Im5ldyI7YTowOnt9fX0=', 1759729877),
('R9jbW4o4kG73uSeVJirVbJGJ7GLkKV4Jekn3wvpp', NULL, '127.0.0.1', 'Mozilla/5.0 (iPhone; CPU iPhone OS 18_5 like Mac OS X) AppleWebKit/605.1.15 (KHTML, like Gecko) Version/18.5 Mobile/15E148 Safari/604.1', 'YTozOntzOjY6Il90b2tlbiI7czo0MDoiRG9WTDA5ZmJ3NEJwYjJmNTFVOUZJbGtUd0RENVAxQTlUTDZnektMRCI7czo5OiJfcHJldmlvdXMiO2E6MTp7czozOiJ1cmwiO3M6Mzk6Imh0dHA6Ly8xMjcuMC4wLjE6ODAwMC9hcGkvdmlkZW8tY29uZmlncyI7fXM6NjoiX2ZsYXNoIjthOjI6e3M6Mzoib2xkIjthOjA6e31zOjM6Im5ldyI7YTowOnt9fX0=', 1759729877),
('rFa58ATgWQ276dB3wsGYXaITSwEyqqPZZkbu6JHq', NULL, '127.0.0.1', 'Mozilla/5.0 (iPhone; CPU iPhone OS 18_5 like Mac OS X) AppleWebKit/605.1.15 (KHTML, like Gecko) Version/18.5 Mobile/15E148 Safari/604.1', 'YTozOntzOjY6Il90b2tlbiI7czo0MDoic0tKZHR4THRET3VmMXROZnp1YjFqbHNxSzJvR2RQREFWNnFwNnRBZSI7czo5OiJfcHJldmlvdXMiO2E6MTp7czozOiJ1cmwiO3M6Mzk6Imh0dHA6Ly8xMjcuMC4wLjE6ODAwMC9hcGkvdmlkZW8tY29uZmlncyI7fXM6NjoiX2ZsYXNoIjthOjI6e3M6Mzoib2xkIjthOjA6e31zOjM6Im5ldyI7YTowOnt9fX0=', 1759729877),
('rqZ22FAPWGfBThnqt8r7gZIkxkzZzUidtiulEIy3', NULL, '127.0.0.1', 'Mozilla/5.0 (iPhone; CPU iPhone OS 18_5 like Mac OS X) AppleWebKit/605.1.15 (KHTML, like Gecko) Version/18.5 Mobile/15E148 Safari/604.1', 'YTozOntzOjY6Il90b2tlbiI7czo0MDoib1o4SjJVU0tqZjU3TUdBN3BwSkdXdXJrSzEzWEFlbTcwTFlwYVBWSSI7czo5OiJfcHJldmlvdXMiO2E6MTp7czozOiJ1cmwiO3M6Mzk6Imh0dHA6Ly8xMjcuMC4wLjE6ODAwMC9hcGkvdmlkZW8tY29uZmlncyI7fXM6NjoiX2ZsYXNoIjthOjI6e3M6Mzoib2xkIjthOjA6e31zOjM6Im5ldyI7YTowOnt9fX0=', 1759729876),
('RsVAx93p8kcUYGcE9lhaprm6JGlpF4XSPwlToUZP', NULL, '127.0.0.1', 'Mozilla/5.0 (iPhone; CPU iPhone OS 18_5 like Mac OS X) AppleWebKit/605.1.15 (KHTML, like Gecko) Version/18.5 Mobile/15E148 Safari/604.1', 'YTozOntzOjY6Il90b2tlbiI7czo0MDoiZ3NqYVlGb1FFYVRTemxlZmxkOUlFQ3J0QjV2Z05VdjhrUUNEeFZ1dSI7czo5OiJfcHJldmlvdXMiO2E6MTp7czozOiJ1cmwiO3M6Mzk6Imh0dHA6Ly8xMjcuMC4wLjE6ODAwMC9hcGkvdmlkZW8tY29uZmlncyI7fXM6NjoiX2ZsYXNoIjthOjI6e3M6Mzoib2xkIjthOjA6e31zOjM6Im5ldyI7YTowOnt9fX0=', 1759729876);
INSERT INTO `sessions` (`id`, `user_id`, `ip_address`, `user_agent`, `payload`, `last_activity`) VALUES
('rvMNdK69p3URmZiX0nCATwZ4pl81Mm0cNOZhLdeo', NULL, '127.0.0.1', 'Mozilla/5.0 (iPhone; CPU iPhone OS 18_5 like Mac OS X) AppleWebKit/605.1.15 (KHTML, like Gecko) Version/18.5 Mobile/15E148 Safari/604.1', 'YTozOntzOjY6Il90b2tlbiI7czo0MDoiTVBUdVlsaVBFc3R2S2FoVmY3UWprVkVDS3JWMXFGYzdvSFNHRlNZViI7czo5OiJfcHJldmlvdXMiO2E6MTp7czozOiJ1cmwiO3M6Mzk6Imh0dHA6Ly8xMjcuMC4wLjE6ODAwMC9hcGkvdmlkZW8tY29uZmlncyI7fXM6NjoiX2ZsYXNoIjthOjI6e3M6Mzoib2xkIjthOjA6e31zOjM6Im5ldyI7YTowOnt9fX0=', 1759729876),
('sHKTtab7XPLIyW1becsGstzEozDRcprhNYyr84l4', NULL, '127.0.0.1', 'Mozilla/5.0 (iPhone; CPU iPhone OS 18_5 like Mac OS X) AppleWebKit/605.1.15 (KHTML, like Gecko) Version/18.5 Mobile/15E148 Safari/604.1', 'YTozOntzOjY6Il90b2tlbiI7czo0MDoiVG44alRyY2dBYlFNZm9FaW5PY1dNYUE0QzZMYVY5NXFKV2xZV2p5ZCI7czo5OiJfcHJldmlvdXMiO2E6MTp7czozOiJ1cmwiO3M6Mzk6Imh0dHA6Ly8xMjcuMC4wLjE6ODAwMC9hcGkvdmlkZW8tY29uZmlncyI7fXM6NjoiX2ZsYXNoIjthOjI6e3M6Mzoib2xkIjthOjA6e31zOjM6Im5ldyI7YTowOnt9fX0=', 1759729877),
('sQGOT5X0i2BEXCrB1ZM655wA8ClrQiEbOVYj3ib1', NULL, '127.0.0.1', 'Mozilla/5.0 (iPhone; CPU iPhone OS 18_5 like Mac OS X) AppleWebKit/605.1.15 (KHTML, like Gecko) Version/18.5 Mobile/15E148 Safari/604.1', 'YTozOntzOjY6Il90b2tlbiI7czo0MDoiU0RCRmRqRUJKS29KNHRHZVlxeXp2d3RwREMwc2RuQ21JWXU4dklhdCI7czo5OiJfcHJldmlvdXMiO2E6MTp7czozOiJ1cmwiO3M6Mzk6Imh0dHA6Ly8xMjcuMC4wLjE6ODAwMC9hcGkvdmlkZW8tY29uZmlncyI7fXM6NjoiX2ZsYXNoIjthOjI6e3M6Mzoib2xkIjthOjA6e31zOjM6Im5ldyI7YTowOnt9fX0=', 1759729877),
('tB3ml8XtbmQGBpTwP0pde5G9DiePvj0Zz1ZytxzX', NULL, '127.0.0.1', 'Mozilla/5.0 (iPhone; CPU iPhone OS 18_5 like Mac OS X) AppleWebKit/605.1.15 (KHTML, like Gecko) Version/18.5 Mobile/15E148 Safari/604.1', 'YTozOntzOjY6Il90b2tlbiI7czo0MDoibEV3bDBxQ1FKZlNtMWY3MEs2a0w1b2FiQmE1VGF5S0o1Y1BrUFJwQSI7czo5OiJfcHJldmlvdXMiO2E6MTp7czozOiJ1cmwiO3M6Mzk6Imh0dHA6Ly8xMjcuMC4wLjE6ODAwMC9hcGkvdmlkZW8tY29uZmlncyI7fXM6NjoiX2ZsYXNoIjthOjI6e3M6Mzoib2xkIjthOjA6e31zOjM6Im5ldyI7YTowOnt9fX0=', 1759729877),
('tggbSYrfy5BqmSsck05cd6pTybv12VEt8ay64TYt', NULL, '127.0.0.1', 'Mozilla/5.0 (iPhone; CPU iPhone OS 18_5 like Mac OS X) AppleWebKit/605.1.15 (KHTML, like Gecko) Version/18.5 Mobile/15E148 Safari/604.1', 'YTozOntzOjY6Il90b2tlbiI7czo0MDoiMDNWMWxpS2RjUGNyRXVkSGY3dXpMd2Fud3lsOWZHNjBPWHNubGNaQiI7czo5OiJfcHJldmlvdXMiO2E6MTp7czozOiJ1cmwiO3M6Mzk6Imh0dHA6Ly8xMjcuMC4wLjE6ODAwMC9hcGkvdmlkZW8tY29uZmlncyI7fXM6NjoiX2ZsYXNoIjthOjI6e3M6Mzoib2xkIjthOjA6e31zOjM6Im5ldyI7YTowOnt9fX0=', 1759729876),
('U5TE7P5iCWn5Yl4PhGPprnklji0dNRQYwsQ3G2LO', NULL, '127.0.0.1', 'Mozilla/5.0 (iPhone; CPU iPhone OS 18_5 like Mac OS X) AppleWebKit/605.1.15 (KHTML, like Gecko) Version/18.5 Mobile/15E148 Safari/604.1', 'YTozOntzOjY6Il90b2tlbiI7czo0MDoia2V1NnBpbG9YZ0Jvcnlud3ZIYWZiakE2b1dITUJQM09mVWNiRDBKTiI7czo5OiJfcHJldmlvdXMiO2E6MTp7czozOiJ1cmwiO3M6Mzk6Imh0dHA6Ly8xMjcuMC4wLjE6ODAwMC9hcGkvdmlkZW8tY29uZmlncyI7fXM6NjoiX2ZsYXNoIjthOjI6e3M6Mzoib2xkIjthOjA6e31zOjM6Im5ldyI7YTowOnt9fX0=', 1759729876),
('UJrLGFDFyhk03dRxjqDJhRhee3CE5vsYLRvmtmML', NULL, '127.0.0.1', 'Mozilla/5.0 (iPhone; CPU iPhone OS 18_5 like Mac OS X) AppleWebKit/605.1.15 (KHTML, like Gecko) Version/18.5 Mobile/15E148 Safari/604.1', 'YTozOntzOjY6Il90b2tlbiI7czo0MDoiVkVLWjQzenRGcGRWYkIybGhVendrcHZVYnFqaTdzUGZ3MGJGakluZSI7czo5OiJfcHJldmlvdXMiO2E6MTp7czozOiJ1cmwiO3M6Mzk6Imh0dHA6Ly8xMjcuMC4wLjE6ODAwMC9hcGkvdmlkZW8tY29uZmlncyI7fXM6NjoiX2ZsYXNoIjthOjI6e3M6Mzoib2xkIjthOjA6e31zOjM6Im5ldyI7YTowOnt9fX0=', 1759729877),
('UoAbFW5Tx3F7vKKimBGA12HcBRNGoJ9ZwW2J6yY8', NULL, '127.0.0.1', 'Mozilla/5.0 (iPhone; CPU iPhone OS 18_5 like Mac OS X) AppleWebKit/605.1.15 (KHTML, like Gecko) Version/18.5 Mobile/15E148 Safari/604.1', 'YTozOntzOjY6Il90b2tlbiI7czo0MDoidThKTjRZUGZXZnloMUlsZGF6cnE2MFE0MWhSbDlYSklKS21CZWl0ZyI7czo5OiJfcHJldmlvdXMiO2E6MTp7czozOiJ1cmwiO3M6Mzk6Imh0dHA6Ly8xMjcuMC4wLjE6ODAwMC9hcGkvdmlkZW8tY29uZmlncyI7fXM6NjoiX2ZsYXNoIjthOjI6e3M6Mzoib2xkIjthOjA6e31zOjM6Im5ldyI7YTowOnt9fX0=', 1759729877),
('usAAAUKGM89hAK2Pp7pkVu0IGAcxRnrCSHQU3KVH', NULL, '127.0.0.1', 'Mozilla/5.0 (iPhone; CPU iPhone OS 18_5 like Mac OS X) AppleWebKit/605.1.15 (KHTML, like Gecko) Version/18.5 Mobile/15E148 Safari/604.1', 'YTozOntzOjY6Il90b2tlbiI7czo0MDoiMXNsSXFqNnJKMDlmVzc3ZUxROVQyYXVYNUk0VGRoOU9JQ3dPMFI5YyI7czo5OiJfcHJldmlvdXMiO2E6MTp7czozOiJ1cmwiO3M6Mzk6Imh0dHA6Ly8xMjcuMC4wLjE6ODAwMC9hcGkvdmlkZW8tY29uZmlncyI7fXM6NjoiX2ZsYXNoIjthOjI6e3M6Mzoib2xkIjthOjA6e31zOjM6Im5ldyI7YTowOnt9fX0=', 1759729877),
('UThXBj9cv8LxVDakyAL8apXOWmRic6AHTkDZHIsv', NULL, '127.0.0.1', 'Mozilla/5.0 (iPhone; CPU iPhone OS 18_5 like Mac OS X) AppleWebKit/605.1.15 (KHTML, like Gecko) Version/18.5 Mobile/15E148 Safari/604.1', 'YTozOntzOjY6Il90b2tlbiI7czo0MDoiRk1HbXFtdGVNRjRGRGRCVGlQVjBwV2ZnVjZiVVBHSXhNc1FPUVI1USI7czo5OiJfcHJldmlvdXMiO2E6MTp7czozOiJ1cmwiO3M6Mzk6Imh0dHA6Ly8xMjcuMC4wLjE6ODAwMC9hcGkvdmlkZW8tY29uZmlncyI7fXM6NjoiX2ZsYXNoIjthOjI6e3M6Mzoib2xkIjthOjA6e31zOjM6Im5ldyI7YTowOnt9fX0=', 1759729877),
('UTL8II8OY0UcgKvuEhjJRFLmW58VtCZUaJvDXwQY', NULL, '127.0.0.1', 'Mozilla/5.0 (iPhone; CPU iPhone OS 18_5 like Mac OS X) AppleWebKit/605.1.15 (KHTML, like Gecko) Version/18.5 Mobile/15E148 Safari/604.1', 'YTozOntzOjY6Il90b2tlbiI7czo0MDoiSEp5bzg1dnNRVWVkVFFieHA0d1Z6YTFxNXB5YUVpUEFDTFExYmM5ViI7czo5OiJfcHJldmlvdXMiO2E6MTp7czozOiJ1cmwiO3M6Mzk6Imh0dHA6Ly8xMjcuMC4wLjE6ODAwMC9hcGkvdmlkZW8tY29uZmlncyI7fXM6NjoiX2ZsYXNoIjthOjI6e3M6Mzoib2xkIjthOjA6e31zOjM6Im5ldyI7YTowOnt9fX0=', 1759729877),
('Uz56Uaydh2esJrp3MolPk0EYuraRrksQPKycyQVZ', NULL, '127.0.0.1', 'Mozilla/5.0 (iPhone; CPU iPhone OS 18_5 like Mac OS X) AppleWebKit/605.1.15 (KHTML, like Gecko) Version/18.5 Mobile/15E148 Safari/604.1', 'YTozOntzOjY6Il90b2tlbiI7czo0MDoiMGlQMmVuMkpMSUprSHY2TldZZnU0MXNqUXFtRWNVdTlxSzRXV3RlbSI7czo5OiJfcHJldmlvdXMiO2E6MTp7czozOiJ1cmwiO3M6Mzk6Imh0dHA6Ly8xMjcuMC4wLjE6ODAwMC9hcGkvdmlkZW8tY29uZmlncyI7fXM6NjoiX2ZsYXNoIjthOjI6e3M6Mzoib2xkIjthOjA6e31zOjM6Im5ldyI7YTowOnt9fX0=', 1759729876),
('uzNVhU04pYzq8sOUyzGWPkfFpbjr4jBtsmFgJCU5', 1, '127.0.0.1', 'Mozilla/5.0 (Macintosh; Intel Mac OS X 10_15_7) AppleWebKit/537.36 (KHTML, like Gecko) Chrome/140.0.0.0 Safari/537.36', 'YTo0OntzOjY6Il90b2tlbiI7czo0MDoiTmdKcHB3d3daelQ5NU90WG1LTDd0RkppV3NPVlVoWDlaNmVGa2p0bCI7czo5OiJfcHJldmlvdXMiO2E6MTp7czozOiJ1cmwiO3M6Mzc6Imh0dHA6Ly9sb2NhbGhvc3Q6ODA4MC9hZG1pbi9kYXNoYm9hcmQiO31zOjY6Il9mbGFzaCI7YToyOntzOjM6Im9sZCI7YTowOnt9czozOiJuZXciO2E6MDp7fX1zOjUwOiJsb2dpbl93ZWJfNTliYTM2YWRkYzJiMmY5NDAxNTgwZjAxNGM3ZjU4ZWE0ZTMwOTg5ZCI7aToxO30=', 1760261756),
('V5ebT9ePiK1vNcQrO663XPnrOWGveFnigg9I0eQb', NULL, '127.0.0.1', 'Mozilla/5.0 (iPhone; CPU iPhone OS 18_5 like Mac OS X) AppleWebKit/605.1.15 (KHTML, like Gecko) Version/18.5 Mobile/15E148 Safari/604.1', 'YTozOntzOjY6Il90b2tlbiI7czo0MDoia1J4ZXd0NzFGaTNJYll6T0MzMW40Q2luZTBMTUk0U0RYOENMZGF0SyI7czo5OiJfcHJldmlvdXMiO2E6MTp7czozOiJ1cmwiO3M6Mzk6Imh0dHA6Ly8xMjcuMC4wLjE6ODAwMC9hcGkvdmlkZW8tY29uZmlncyI7fXM6NjoiX2ZsYXNoIjthOjI6e3M6Mzoib2xkIjthOjA6e31zOjM6Im5ldyI7YTowOnt9fX0=', 1759729877),
('V6NtDTR74pDUwvu55qv7vllnJSLmVW4Sga9fm8Gk', NULL, '127.0.0.1', 'Mozilla/5.0 (iPhone; CPU iPhone OS 18_5 like Mac OS X) AppleWebKit/605.1.15 (KHTML, like Gecko) Version/18.5 Mobile/15E148 Safari/604.1', 'YTozOntzOjY6Il90b2tlbiI7czo0MDoiNjB3aTdCMFN0Zk5jRm93YzBDR1Vvam5QV0VCTnNlRTdjN1lLNW9XbSI7czo5OiJfcHJldmlvdXMiO2E6MTp7czozOiJ1cmwiO3M6Mzk6Imh0dHA6Ly8xMjcuMC4wLjE6ODAwMC9hcGkvdmlkZW8tY29uZmlncyI7fXM6NjoiX2ZsYXNoIjthOjI6e3M6Mzoib2xkIjthOjA6e31zOjM6Im5ldyI7YTowOnt9fX0=', 1759729877),
('V7VbfduszMnehsG6XsrrjoHdANRxht1E7qzlBRDM', NULL, '127.0.0.1', 'Mozilla/5.0 (iPhone; CPU iPhone OS 18_5 like Mac OS X) AppleWebKit/605.1.15 (KHTML, like Gecko) Version/18.5 Mobile/15E148 Safari/604.1', 'YTozOntzOjY6Il90b2tlbiI7czo0MDoiam1aUDd6b2JDSEtyVGpjODZwSHRmYmQ5eHJhbjREODFGaW43MlQ3QyI7czo5OiJfcHJldmlvdXMiO2E6MTp7czozOiJ1cmwiO3M6Mzk6Imh0dHA6Ly8xMjcuMC4wLjE6ODAwMC9hcGkvdmlkZW8tY29uZmlncyI7fXM6NjoiX2ZsYXNoIjthOjI6e3M6Mzoib2xkIjthOjA6e31zOjM6Im5ldyI7YTowOnt9fX0=', 1759729877),
('VcdMevE5zzm8CguHVJseZrGLFtCe1kkkjJpYLH9O', NULL, '127.0.0.1', 'Mozilla/5.0 (iPhone; CPU iPhone OS 18_5 like Mac OS X) AppleWebKit/605.1.15 (KHTML, like Gecko) Version/18.5 Mobile/15E148 Safari/604.1', 'YTozOntzOjY6Il90b2tlbiI7czo0MDoid3g2TE1UMFZGZUkzOHdmRU1TaWkzRUdybmZZdGdXU25DWGx3bXNHaiI7czo5OiJfcHJldmlvdXMiO2E6MTp7czozOiJ1cmwiO3M6Mzk6Imh0dHA6Ly8xMjcuMC4wLjE6ODAwMC9hcGkvdmlkZW8tY29uZmlncyI7fXM6NjoiX2ZsYXNoIjthOjI6e3M6Mzoib2xkIjthOjA6e31zOjM6Im5ldyI7YTowOnt9fX0=', 1759729877),
('VFVhG5f3BzKAMkcjs7FZKW4FnNgsJDuZ7lvyP3N6', NULL, '127.0.0.1', 'Mozilla/5.0 (iPhone; CPU iPhone OS 18_5 like Mac OS X) AppleWebKit/605.1.15 (KHTML, like Gecko) Version/18.5 Mobile/15E148 Safari/604.1', 'YTozOntzOjY6Il90b2tlbiI7czo0MDoiUHRSQ0gxNXJJTXNFSTlNdzNQVWNLZkg4c2hlNDQxa2dTcVVJSEhPUSI7czo5OiJfcHJldmlvdXMiO2E6MTp7czozOiJ1cmwiO3M6Mzk6Imh0dHA6Ly8xMjcuMC4wLjE6ODAwMC9hcGkvdmlkZW8tY29uZmlncyI7fXM6NjoiX2ZsYXNoIjthOjI6e3M6Mzoib2xkIjthOjA6e31zOjM6Im5ldyI7YTowOnt9fX0=', 1759729876),
('vH8AVFNTEkGEctCpGqKFa4zu7lj3XHrd8tSoUcft', NULL, '127.0.0.1', 'Mozilla/5.0 (iPhone; CPU iPhone OS 18_5 like Mac OS X) AppleWebKit/605.1.15 (KHTML, like Gecko) Version/18.5 Mobile/15E148 Safari/604.1', 'YTozOntzOjY6Il90b2tlbiI7czo0MDoiU1J1YjFNQzlBUUxwOW1Cek9hODhjZ0Y2QWdHZExQNlhLeW51S2lsbiI7czo5OiJfcHJldmlvdXMiO2E6MTp7czozOiJ1cmwiO3M6Mzk6Imh0dHA6Ly8xMjcuMC4wLjE6ODAwMC9hcGkvdmlkZW8tY29uZmlncyI7fXM6NjoiX2ZsYXNoIjthOjI6e3M6Mzoib2xkIjthOjA6e31zOjM6Im5ldyI7YTowOnt9fX0=', 1759729876),
('viVuAwNtwTVrID8nCK1b61rAolYf4qWT7dl8eKre', NULL, '127.0.0.1', 'Mozilla/5.0 (iPhone; CPU iPhone OS 18_5 like Mac OS X) AppleWebKit/605.1.15 (KHTML, like Gecko) Version/18.5 Mobile/15E148 Safari/604.1', 'YTozOntzOjY6Il90b2tlbiI7czo0MDoiakd0T1dEdGVneUQ2SlZPM2ZPczFmbUZKM2ZkckZ1eFhtTU02dHR0MCI7czo5OiJfcHJldmlvdXMiO2E6MTp7czozOiJ1cmwiO3M6Mzk6Imh0dHA6Ly8xMjcuMC4wLjE6ODAwMC9hcGkvdmlkZW8tY29uZmlncyI7fXM6NjoiX2ZsYXNoIjthOjI6e3M6Mzoib2xkIjthOjA6e31zOjM6Im5ldyI7YTowOnt9fX0=', 1759729877),
('VK63ytNLjnjOEvwH75Op4cHenppsA3zJclCsukOQ', NULL, '127.0.0.1', 'Mozilla/5.0 (iPhone; CPU iPhone OS 18_5 like Mac OS X) AppleWebKit/605.1.15 (KHTML, like Gecko) Version/18.5 Mobile/15E148 Safari/604.1', 'YTozOntzOjY6Il90b2tlbiI7czo0MDoiM3p5Vkhpem84T29xTUdLQ1c5TDdmaUp3ZkxFWEdQTThXOUQ3dkhSRiI7czo5OiJfcHJldmlvdXMiO2E6MTp7czozOiJ1cmwiO3M6Mzk6Imh0dHA6Ly8xMjcuMC4wLjE6ODAwMC9hcGkvdmlkZW8tY29uZmlncyI7fXM6NjoiX2ZsYXNoIjthOjI6e3M6Mzoib2xkIjthOjA6e31zOjM6Im5ldyI7YTowOnt9fX0=', 1759729877),
('VkTW6heGiBktqVlaMwbW0xgFl9DxuL1xoeSgtsea', NULL, '127.0.0.1', 'Mozilla/5.0 (iPhone; CPU iPhone OS 18_5 like Mac OS X) AppleWebKit/605.1.15 (KHTML, like Gecko) Version/18.5 Mobile/15E148 Safari/604.1', 'YTozOntzOjY6Il90b2tlbiI7czo0MDoiNEdtQ2dBb2phcnhDU1hjZ3UxRDJHY0g2TklyNktUMGtkSVA3YjM2cSI7czo5OiJfcHJldmlvdXMiO2E6MTp7czozOiJ1cmwiO3M6Mzk6Imh0dHA6Ly8xMjcuMC4wLjE6ODAwMC9hcGkvdmlkZW8tY29uZmlncyI7fXM6NjoiX2ZsYXNoIjthOjI6e3M6Mzoib2xkIjthOjA6e31zOjM6Im5ldyI7YTowOnt9fX0=', 1759729876),
('vuymzImYWnmPPbzqzJe6R5QD75fIQBTzIyixYLgz', NULL, '127.0.0.1', 'Mozilla/5.0 (iPhone; CPU iPhone OS 18_5 like Mac OS X) AppleWebKit/605.1.15 (KHTML, like Gecko) Version/18.5 Mobile/15E148 Safari/604.1', 'YTozOntzOjY6Il90b2tlbiI7czo0MDoiaFdVcFUxNjFmWTh0azVvRjhuRm5PZ0RKbFFkZGJpZ2lBbnhqWEVYViI7czo5OiJfcHJldmlvdXMiO2E6MTp7czozOiJ1cmwiO3M6Mzk6Imh0dHA6Ly8xMjcuMC4wLjE6ODAwMC9hcGkvdmlkZW8tY29uZmlncyI7fXM6NjoiX2ZsYXNoIjthOjI6e3M6Mzoib2xkIjthOjA6e31zOjM6Im5ldyI7YTowOnt9fX0=', 1759729876),
('W0cnym13FEmrI3Rt303jLw6iCRLeqqIzd5FnTZNS', NULL, '127.0.0.1', 'Mozilla/5.0 (iPhone; CPU iPhone OS 18_5 like Mac OS X) AppleWebKit/605.1.15 (KHTML, like Gecko) Version/18.5 Mobile/15E148 Safari/604.1', 'YTozOntzOjY6Il90b2tlbiI7czo0MDoiR09iWjlUTVI2RGhDRjh2aHlQWEVxZ3NmQzB4M3JRT0tqRFEyQkxVSyI7czo5OiJfcHJldmlvdXMiO2E6MTp7czozOiJ1cmwiO3M6Mzk6Imh0dHA6Ly8xMjcuMC4wLjE6ODAwMC9hcGkvdmlkZW8tY29uZmlncyI7fXM6NjoiX2ZsYXNoIjthOjI6e3M6Mzoib2xkIjthOjA6e31zOjM6Im5ldyI7YTowOnt9fX0=', 1759729877),
('w6b3L9H9RJPuRA8ZK8EqOh8h29oUsHYhRsiZvfOG', NULL, '127.0.0.1', 'Mozilla/5.0 (iPhone; CPU iPhone OS 18_5 like Mac OS X) AppleWebKit/605.1.15 (KHTML, like Gecko) Version/18.5 Mobile/15E148 Safari/604.1', 'YTozOntzOjY6Il90b2tlbiI7czo0MDoialJBUXFoYnpPY2xUUXh4NEozbVpYemdLZUxkRHZQSG04UUtvaVFIbiI7czo5OiJfcHJldmlvdXMiO2E6MTp7czozOiJ1cmwiO3M6Mzk6Imh0dHA6Ly8xMjcuMC4wLjE6ODAwMC9hcGkvdmlkZW8tY29uZmlncyI7fXM6NjoiX2ZsYXNoIjthOjI6e3M6Mzoib2xkIjthOjA6e31zOjM6Im5ldyI7YTowOnt9fX0=', 1759729876),
('WgNcsx65xLdjlG7nL4aI1Q83jm5g0ZKnk4yBEjp2', NULL, '127.0.0.1', 'Mozilla/5.0 (iPhone; CPU iPhone OS 18_5 like Mac OS X) AppleWebKit/605.1.15 (KHTML, like Gecko) Version/18.5 Mobile/15E148 Safari/604.1', 'YTozOntzOjY6Il90b2tlbiI7czo0MDoiVjd1T3B3UG1yeDkwcW15ZEpzaEJtdVJSNEIxMDdZSVpNUnBwVURINiI7czo5OiJfcHJldmlvdXMiO2E6MTp7czozOiJ1cmwiO3M6Mzk6Imh0dHA6Ly8xMjcuMC4wLjE6ODAwMC9hcGkvdmlkZW8tY29uZmlncyI7fXM6NjoiX2ZsYXNoIjthOjI6e3M6Mzoib2xkIjthOjA6e31zOjM6Im5ldyI7YTowOnt9fX0=', 1759729876),
('wuQQZ8DqarSDRF7zjTqtsricHaufeBkfx8xS8ygl', NULL, '127.0.0.1', 'Mozilla/5.0 (iPhone; CPU iPhone OS 18_5 like Mac OS X) AppleWebKit/605.1.15 (KHTML, like Gecko) Version/18.5 Mobile/15E148 Safari/604.1', 'YTozOntzOjY6Il90b2tlbiI7czo0MDoiUk1wcFJaRTA2U0tDVjIzRDF2emxiNHdRVm1jU2V5VUhmWk5XTDFiUCI7czo5OiJfcHJldmlvdXMiO2E6MTp7czozOiJ1cmwiO3M6Mzk6Imh0dHA6Ly8xMjcuMC4wLjE6ODAwMC9hcGkvdmlkZW8tY29uZmlncyI7fXM6NjoiX2ZsYXNoIjthOjI6e3M6Mzoib2xkIjthOjA6e31zOjM6Im5ldyI7YTowOnt9fX0=', 1759729876),
('wxSBGTTO23rifQrYjgkyTZ1fkBpPBUNKkpD0Bv1X', NULL, '127.0.0.1', 'Mozilla/5.0 (iPhone; CPU iPhone OS 18_5 like Mac OS X) AppleWebKit/605.1.15 (KHTML, like Gecko) Version/18.5 Mobile/15E148 Safari/604.1', 'YTozOntzOjY6Il90b2tlbiI7czo0MDoieGVwZWl5ZkQzbElEaXh6SjZvN0V6ek84ZUpvdVN6UWRZVUJRVnNBNCI7czo5OiJfcHJldmlvdXMiO2E6MTp7czozOiJ1cmwiO3M6Mzk6Imh0dHA6Ly8xMjcuMC4wLjE6ODAwMC9hcGkvdmlkZW8tY29uZmlncyI7fXM6NjoiX2ZsYXNoIjthOjI6e3M6Mzoib2xkIjthOjA6e31zOjM6Im5ldyI7YTowOnt9fX0=', 1759729876),
('XGGi4jvUcOB6hkIVFrKwQmUaZ07TLdPlJaVgnmqR', NULL, '127.0.0.1', 'Mozilla/5.0 (iPhone; CPU iPhone OS 18_5 like Mac OS X) AppleWebKit/605.1.15 (KHTML, like Gecko) Version/18.5 Mobile/15E148 Safari/604.1', 'YTozOntzOjY6Il90b2tlbiI7czo0MDoiSkgzcTd3djY2bVRxOUZrTElyQUpmN09DOWc1UXpsS2tKYVNFQ2NHbSI7czo5OiJfcHJldmlvdXMiO2E6MTp7czozOiJ1cmwiO3M6Mzk6Imh0dHA6Ly8xMjcuMC4wLjE6ODAwMC9hcGkvdmlkZW8tY29uZmlncyI7fXM6NjoiX2ZsYXNoIjthOjI6e3M6Mzoib2xkIjthOjA6e31zOjM6Im5ldyI7YTowOnt9fX0=', 1759729877),
('xSerIB8ZL9ADMFjcdJA53xQDlbQdSNFMZECD7u7L', NULL, '127.0.0.1', 'Mozilla/5.0 (Macintosh; Intel Mac OS X 10_15_7) AppleWebKit/537.36 (KHTML, like Gecko) Chrome/140.0.0.0 Safari/537.36', 'YTozOntzOjY6Il90b2tlbiI7czo0MDoiOWNFN29TaHVITkdDWFlXZzN2cldOMm04dkNGd2IzRVQ0ZnQ0S01qNyI7czo5OiJfcHJldmlvdXMiO2E6MTp7czozOiJ1cmwiO3M6MzM6Imh0dHA6Ly8xMjcuMC4wLjE6ODAwMC9hZG1pbi9sb2dpbiI7fXM6NjoiX2ZsYXNoIjthOjI6e3M6Mzoib2xkIjthOjA6e31zOjM6Im5ldyI7YTowOnt9fX0=', 1759730987),
('YLrWy34GciGvRSK6kjJcdDBCvpH3bPwiLeICJxhV', NULL, '127.0.0.1', 'Mozilla/5.0 (iPhone; CPU iPhone OS 18_5 like Mac OS X) AppleWebKit/605.1.15 (KHTML, like Gecko) Version/18.5 Mobile/15E148 Safari/604.1', 'YTozOntzOjY6Il90b2tlbiI7czo0MDoiVEZ6cVVFR1BFVnVxTXdkaW51NGVBU3FGRk9GakFXd0NHS0hiWW5QWiI7czo5OiJfcHJldmlvdXMiO2E6MTp7czozOiJ1cmwiO3M6Mzk6Imh0dHA6Ly8xMjcuMC4wLjE6ODAwMC9hcGkvdmlkZW8tY29uZmlncyI7fXM6NjoiX2ZsYXNoIjthOjI6e3M6Mzoib2xkIjthOjA6e31zOjM6Im5ldyI7YTowOnt9fX0=', 1759729876),
('ywxvgeP5fEgvngPvmNYfhFUa4wLrmx3iQCrF6WL0', NULL, '127.0.0.1', 'Mozilla/5.0 (iPhone; CPU iPhone OS 18_5 like Mac OS X) AppleWebKit/605.1.15 (KHTML, like Gecko) Version/18.5 Mobile/15E148 Safari/604.1', 'YTozOntzOjY6Il90b2tlbiI7czo0MDoiOW9WNHNCMDdmNWlTSElURE1pcTFJNklmN3EyMVhlM1l1U1BvQWNsVyI7czo5OiJfcHJldmlvdXMiO2E6MTp7czozOiJ1cmwiO3M6Mzk6Imh0dHA6Ly8xMjcuMC4wLjE6ODAwMC9hcGkvdmlkZW8tY29uZmlncyI7fXM6NjoiX2ZsYXNoIjthOjI6e3M6Mzoib2xkIjthOjA6e31zOjM6Im5ldyI7YTowOnt9fX0=', 1759729877),
('Z30astseJbNZy5gV2EvC338jAKo2mQj9MFeqbhWH', NULL, '127.0.0.1', 'Mozilla/5.0 (iPhone; CPU iPhone OS 18_5 like Mac OS X) AppleWebKit/605.1.15 (KHTML, like Gecko) Version/18.5 Mobile/15E148 Safari/604.1', 'YTozOntzOjY6Il90b2tlbiI7czo0MDoieWNLWFBYMDBTMlVnRkcwRzF5V0xWYzZJOEtFZHVUajNmTldRSHRkaCI7czo5OiJfcHJldmlvdXMiO2E6MTp7czozOiJ1cmwiO3M6Mzk6Imh0dHA6Ly8xMjcuMC4wLjE6ODAwMC9hcGkvdmlkZW8tY29uZmlncyI7fXM6NjoiX2ZsYXNoIjthOjI6e3M6Mzoib2xkIjthOjA6e31zOjM6Im5ldyI7YTowOnt9fX0=', 1759729877),
('zbEAla6b0CrzsAHT7lLuwyLTTRDgOfNpROlFSbns', NULL, '127.0.0.1', 'Mozilla/5.0 (iPhone; CPU iPhone OS 18_5 like Mac OS X) AppleWebKit/605.1.15 (KHTML, like Gecko) Version/18.5 Mobile/15E148 Safari/604.1', 'YTozOntzOjY6Il90b2tlbiI7czo0MDoibE5lTGF6dTNTWFRWdnB3UE0wNXFxV0pqZTJ0VjIwS2RCUThmbzE3MSI7czo5OiJfcHJldmlvdXMiO2E6MTp7czozOiJ1cmwiO3M6Mzk6Imh0dHA6Ly8xMjcuMC4wLjE6ODAwMC9hcGkvdmlkZW8tY29uZmlncyI7fXM6NjoiX2ZsYXNoIjthOjI6e3M6Mzoib2xkIjthOjA6e31zOjM6Im5ldyI7YTowOnt9fX0=', 1759729878),
('zbXBukcxXmSKM5aiCHSbyXDoxWdsuD8xmFzLvp9w', NULL, '127.0.0.1', 'Mozilla/5.0 (iPhone; CPU iPhone OS 18_5 like Mac OS X) AppleWebKit/605.1.15 (KHTML, like Gecko) Version/18.5 Mobile/15E148 Safari/604.1', 'YTozOntzOjY6Il90b2tlbiI7czo0MDoiRlBXRll0QlJ4c2Y4WHdlQ2ZYWEtuVFkxYUlqc09WeW1vbTdOQml2QSI7czo5OiJfcHJldmlvdXMiO2E6MTp7czozOiJ1cmwiO3M6Mzk6Imh0dHA6Ly8xMjcuMC4wLjE6ODAwMC9hcGkvdmlkZW8tY29uZmlncyI7fXM6NjoiX2ZsYXNoIjthOjI6e3M6Mzoib2xkIjthOjA6e31zOjM6Im5ldyI7YTowOnt9fX0=', 1759729876),
('ZObHZWdWMfavTgZve3VUubAKFF8n0A84XaGZZncY', NULL, '127.0.0.1', 'Mozilla/5.0 (iPhone; CPU iPhone OS 18_5 like Mac OS X) AppleWebKit/605.1.15 (KHTML, like Gecko) Version/18.5 Mobile/15E148 Safari/604.1', 'YTozOntzOjY6Il90b2tlbiI7czo0MDoidHlQeG9PUFVhbUpRZFRjREVKQ1pnVml3VkdXNHNNa0VsdVVMYTBteSI7czo5OiJfcHJldmlvdXMiO2E6MTp7czozOiJ1cmwiO3M6Mzk6Imh0dHA6Ly8xMjcuMC4wLjE6ODAwMC9hcGkvdmlkZW8tY29uZmlncyI7fXM6NjoiX2ZsYXNoIjthOjI6e3M6Mzoib2xkIjthOjA6e31zOjM6Im5ldyI7YTowOnt9fX0=', 1759729877),
('ZQvRTlFaVXVzIgeEemv7PZAvJhdxR8RW7N3D8G1B', NULL, '127.0.0.1', 'Mozilla/5.0 (iPhone; CPU iPhone OS 18_5 like Mac OS X) AppleWebKit/605.1.15 (KHTML, like Gecko) Version/18.5 Mobile/15E148 Safari/604.1', 'YTozOntzOjY6Il90b2tlbiI7czo0MDoicTBXenVSMTVTNnVKZlp4M1J3T3lYT0FxcXlRb1I1NERwbHFvQWlOMSI7czo5OiJfcHJldmlvdXMiO2E6MTp7czozOiJ1cmwiO3M6Mzk6Imh0dHA6Ly8xMjcuMC4wLjE6ODAwMC9hcGkvdmlkZW8tY29uZmlncyI7fXM6NjoiX2ZsYXNoIjthOjI6e3M6Mzoib2xkIjthOjA6e31zOjM6Im5ldyI7YTowOnt9fX0=', 1759729876);

-- --------------------------------------------------------

--
-- Table structure for table `user_activities`
--

CREATE TABLE `user_activities` (
  `id` bigint(20) UNSIGNED NOT NULL,
  `user_id` bigint(20) UNSIGNED NOT NULL,
  `action` varchar(255) NOT NULL,
  `description` text DEFAULT NULL,
  `properties` longtext CHARACTER SET utf8mb4 COLLATE utf8mb4_bin DEFAULT NULL CHECK (json_valid(`properties`)),
  `ip_address` varchar(255) DEFAULT NULL,
  `user_agent` text DEFAULT NULL,
  `subject_type` varchar(255) DEFAULT NULL,
  `subject_id` bigint(20) UNSIGNED DEFAULT NULL,
  `created_at` timestamp NULL DEFAULT NULL,
  `updated_at` timestamp NULL DEFAULT NULL
) ENGINE=InnoDB DEFAULT CHARSET=utf8mb4 COLLATE=utf8mb4_unicode_ci;

--
-- Dumping data for table `user_activities`
--

INSERT INTO `user_activities` (`id`, `user_id`, `action`, `description`, `properties`, `ip_address`, `user_agent`, `subject_type`, `subject_id`, `created_at`, `updated_at`) VALUES
(1, 1, 'updated_news', 'Updated news article: UFG Announces Strategic Expansion Plans for 2025', '{\"title\": \"UFG Announces Strategic Expansion Plans for 2025\", \"news_id\": 1, \"category\": \"company\"}', '127.0.0.1', 'Mozilla/5.0 (Macintosh; Intel Mac OS X 10_15_7) AppleWebKit/537.36 (KHTML, like Gecko) Chrome/140.0.0.0 Safari/537.36', NULL, NULL, '2025-10-03 09:29:07', '2025-10-03 09:29:07'),
(2, 1, 'updated_news', 'Updated news article: UFG Announces Strategic Expansion Plans for 2025', '{\"title\": \"UFG Announces Strategic Expansion Plans for 2025\", \"news_id\": 1, \"category\": \"company\"}', '127.0.0.1', 'Mozilla/5.0 (Macintosh; Intel Mac OS X 10_15_7) AppleWebKit/537.36 (KHTML, like Gecko) Chrome/140.0.0.0 Safari/537.36', NULL, NULL, '2025-10-03 09:29:20', '2025-10-03 09:29:20'),
(3, 1, 'updated_news', 'Updated news article: UFG Announces Strategic Expansion Plans for 2025', '{\"title\": \"UFG Announces Strategic Expansion Plans for 2025\", \"news_id\": 1, \"category\": \"company\"}', '127.0.0.1', 'Mozilla/5.0 (Macintosh; Intel Mac OS X 10_15_7) AppleWebKit/537.36 (KHTML, like Gecko) Chrome/140.0.0.0 Safari/537.36', NULL, NULL, '2025-10-03 09:38:47', '2025-10-03 09:38:47'),
(4, 1, 'updated_news', 'Updated news article: Employee Excellence Program Launches Workforce Development', '{\"title\": \"Employee Excellence Program Launches Workforce Development\", \"news_id\": 8, \"category\": \"company\"}', '127.0.0.1', 'Mozilla/5.0 (Macintosh; Intel Mac OS X 10_15_7) AppleWebKit/537.36 (KHTML, like Gecko) Chrome/140.0.0.0 Safari/537.36', NULL, NULL, '2025-10-03 09:39:18', '2025-10-03 09:39:18'),
(5, 1, 'updated_news', 'Updated news article: Employee Excellence Program Launches Workforce Development', '{\"title\": \"Employee Excellence Program Launches Workforce Development\", \"news_id\": 8, \"category\": \"company\"}', '127.0.0.1', 'Mozilla/5.0 (Macintosh; Intel Mac OS X 10_15_7) AppleWebKit/537.36 (KHTML, like Gecko) Chrome/140.0.0.0 Safari/537.36', NULL, NULL, '2025-10-03 09:39:43', '2025-10-03 09:39:43'),
(6, 1, 'created', 'Created report: Quarterly Financial Statement Q4 2024', NULL, '127.0.0.1', 'Mozilla/5.0 (Macintosh; Intel Mac OS X 10_15_7) AppleWebKit/537.36 (KHTML, like Gecko) Chrome/140.0.0.0 Safari/537.36', NULL, NULL, '2025-10-03 12:19:43', '2025-10-03 12:19:43'),
(7, 1, 'create_user', 'Created user: Ali Shahbas', '{\"user_id\": 12, \"temp_password\": \"o2Hr5XCtNhik\"}', '127.0.0.1', 'Mozilla/5.0 (Macintosh; Intel Mac OS X 10_15_7) AppleWebKit/537.36 (KHTML, like Gecko) Chrome/140.0.0.0 Safari/537.36', 'App\\Models\\User', 12, '2025-10-03 13:35:31', '2025-10-03 13:35:31'),
(8, 12, 'created_news', 'Created news article: UFG Announces Strategic Expansion Plans for 2025', '{\"title\": \"UFG Announces Strategic Expansion Plans for 2025\", \"news_id\": 1, \"category\": null}', '127.0.0.1', 'Mozilla/5.0 (Macintosh; Intel Mac OS X 10_15_7) AppleWebKit/537.36 (KHTML, like Gecko) Chrome/140.0.0.0 Safari/537.36', NULL, NULL, '2025-10-03 14:19:21', '2025-10-03 14:19:21'),
(9, 12, 'updated_news', 'Updated news article: UFG Announces Strategic Expansion Plans for 2025', '{\"title\": \"UFG Announces Strategic Expansion Plans for 2025\", \"news_id\": 1, \"category\": null}', '127.0.0.1', 'Mozilla/5.0 (Macintosh; Intel Mac OS X 10_15_7) AppleWebKit/537.36 (KHTML, like Gecko) Chrome/140.0.0.0 Safari/537.36', NULL, NULL, '2025-10-03 14:21:34', '2025-10-03 14:21:34'),
(10, 12, 'updated_news', 'Updated news article: UFG Announces Strategic Expansion Plans for 2025', '{\"title\": \"UFG Announces Strategic Expansion Plans for 2025\", \"news_id\": 1, \"category\": null}', '127.0.0.1', 'Mozilla/5.0 (Macintosh; Intel Mac OS X 10_15_7) AppleWebKit/537.36 (KHTML, like Gecko) Chrome/140.0.0.0 Safari/537.36', NULL, NULL, '2025-10-03 14:32:34', '2025-10-03 14:32:34'),
(11, 12, 'updated_news', 'Updated news article: UFG Announces Strategic Expansion Plans for 2025', '{\"title\": \"UFG Announces Strategic Expansion Plans for 2025\", \"news_id\": 1, \"category\": null}', '127.0.0.1', 'Mozilla/5.0 (Macintosh; Intel Mac OS X 10_15_7) AppleWebKit/537.36 (KHTML, like Gecko) Chrome/140.0.0.0 Safari/537.36', NULL, NULL, '2025-10-03 14:41:57', '2025-10-03 14:41:57'),
(12, 1, 'create_user', 'Created user: John Sam', '{\"user_id\": 13, \"temp_password\": \"u0465E31IWM8\"}', '127.0.0.1', 'Mozilla/5.0 (Macintosh; Intel Mac OS X 10_15_7) AppleWebKit/537.36 (KHTML, like Gecko) Chrome/140.0.0.0 Safari/537.36', 'App\\Models\\User', 13, '2025-10-04 00:15:37', '2025-10-04 00:15:37'),
(13, 1, 'create_user', 'Created user: Sikandar Singh', '{\"user_id\": 14, \"temp_password\": \"ymxzVNnKxcXc\"}', '127.0.0.1', 'Mozilla/5.0 (Macintosh; Intel Mac OS X 10_15_7) AppleWebKit/537.36 (KHTML, like Gecko) Chrome/140.0.0.0 Safari/537.36', 'App\\Models\\User', 14, '2025-10-04 00:20:47', '2025-10-04 00:20:47'),
(14, 1, 'create_user', 'Created user: Mukandar Singh', '{\"user_id\": 15, \"temp_password\": \"Gk3CcsTdkzqq\"}', '127.0.0.1', 'Mozilla/5.0 (Macintosh; Intel Mac OS X 10_15_7) AppleWebKit/537.36 (KHTML, like Gecko) Chrome/140.0.0.0 Safari/537.36', 'App\\Models\\User', 15, '2025-10-04 00:27:40', '2025-10-04 00:27:40'),
(15, 1, 'create_user', 'Created user: Basha S', '{\"user_id\": 16, \"temp_password\": \"sawNJLEh0ZQS\"}', '127.0.0.1', 'Mozilla/5.0 (Macintosh; Intel Mac OS X 10_15_7) AppleWebKit/537.36 (KHTML, like Gecko) Chrome/140.0.0.0 Safari/537.36', 'App\\Models\\User', 16, '2025-10-04 00:34:41', '2025-10-04 00:34:41'),
(16, 1, 'delete_user', 'Deleted user: Basha S', '{\"deleted_user_id\": 16}', '127.0.0.1', 'Mozilla/5.0 (Macintosh; Intel Mac OS X 10_15_7) AppleWebKit/537.36 (KHTML, like Gecko) Chrome/140.0.0.0 Safari/537.36', NULL, NULL, '2025-10-04 00:35:27', '2025-10-04 00:35:27'),
(17, 1, 'created_role', 'Created role: Content Editor', '{\"role_id\": 3, \"permissions_count\": 3}', '127.0.0.1', 'Mozilla/5.0 (Macintosh; Intel Mac OS X 10_15_7) AppleWebKit/537.36 (KHTML, like Gecko) Chrome/140.0.0.0 Safari/537.36', NULL, NULL, '2025-10-04 00:36:31', '2025-10-04 00:36:31'),
(18, 1, 'create_user', 'Created user: content s', '{\"user_id\": 17, \"temp_password\": \"fmu2vCBZFLOG\"}', '127.0.0.1', 'Mozilla/5.0 (Macintosh; Intel Mac OS X 10_15_7) AppleWebKit/537.36 (KHTML, like Gecko) Chrome/140.0.0.0 Safari/537.36', 'App\\Models\\User', 17, '2025-10-04 00:37:05', '2025-10-04 00:37:05'),
(19, 1, 'updated_role', 'Updated role: Content Editor', '{\"role_id\": 3, \"permissions_count\": 5}', '127.0.0.1', 'Mozilla/5.0 (Macintosh; Intel Mac OS X 10_15_7) AppleWebKit/537.36 (KHTML, like Gecko) Chrome/140.0.0.0 Safari/537.36', NULL, NULL, '2025-10-04 00:45:44', '2025-10-04 00:45:44'),
(20, 1, 'updated_role', 'Updated role: Content Editor', '{\"role_id\": 3, \"permissions_count\": 5}', '127.0.0.1', 'Mozilla/5.0 (Macintosh; Intel Mac OS X 10_15_7) AppleWebKit/537.36 (KHTML, like Gecko) Chrome/140.0.0.0 Safari/537.36', NULL, NULL, '2025-10-04 01:21:27', '2025-10-04 01:21:27'),
(21, 1, 'updated_role', 'Updated role: Content Editor', '{\"role_id\": 3, \"permissions_count\": 6}', '127.0.0.1', 'Mozilla/5.0 (Macintosh; Intel Mac OS X 10_15_7) AppleWebKit/537.36 (KHTML, like Gecko) Chrome/140.0.0.0 Safari/537.36', NULL, NULL, '2025-10-04 01:51:08', '2025-10-04 01:51:08'),
(22, 1, 'updated_role', 'Updated role: Content Editor', '{\"role_id\": 3, \"permissions_count\": 5}', '127.0.0.1', 'Mozilla/5.0 (Macintosh; Intel Mac OS X 10_15_7) AppleWebKit/537.36 (KHTML, like Gecko) Chrome/140.0.0.0 Safari/537.36', NULL, NULL, '2025-10-04 02:04:28', '2025-10-04 02:04:28'),
(23, 1, 'test', 'test', NULL, '127.0.0.1', 'test', NULL, NULL, '2025-10-04 06:47:26', '2025-10-04 06:47:26'),
(24, 1, 'created_department', 'Created department: IT', '{\"department_id\": 2}', '127.0.0.1', 'Mozilla/5.0 (Macintosh; Intel Mac OS X 10_15_7) AppleWebKit/537.36 (KHTML, like Gecko) Chrome/140.0.0.0 Safari/537.36', NULL, NULL, '2025-10-04 06:55:31', '2025-10-04 06:55:31'),
(25, 1, 'deleted_department', 'Deleted department: IT', '[]', '127.0.0.1', 'Mozilla/5.0 (Macintosh; Intel Mac OS X 10_15_7) AppleWebKit/537.36 (KHTML, like Gecko) Chrome/140.0.0.0 Safari/537.36', NULL, NULL, '2025-10-04 06:55:54', '2025-10-04 06:55:54'),
(26, 1, 'created_department', 'Created department: IT', '{\"department_id\": 3}', '127.0.0.1', 'Mozilla/5.0 (Macintosh; Intel Mac OS X 10_15_7) AppleWebKit/537.36 (KHTML, like Gecko) Chrome/140.0.0.0 Safari/537.36', NULL, NULL, '2025-10-04 11:08:53', '2025-10-04 11:08:53'),
(27, 1, 'deleted_department', 'Deleted department: IT', '[]', '127.0.0.1', 'Mozilla/5.0 (Macintosh; Intel Mac OS X 10_15_7) AppleWebKit/537.36 (KHTML, like Gecko) Chrome/140.0.0.0 Safari/537.36', NULL, NULL, '2025-10-04 11:09:01', '2025-10-04 11:09:01'),
(28, 1, 'created_department', 'Created department: IT', '{\"department_id\": 4}', '127.0.0.1', 'Mozilla/5.0 (Macintosh; Intel Mac OS X 10_15_7) AppleWebKit/537.36 (KHTML, like Gecko) Chrome/140.0.0.0 Safari/537.36', NULL, NULL, '2025-10-04 11:21:25', '2025-10-04 11:21:25'),
(29, 1, 'deleted_department', 'Deleted department: IT', '[]', '127.0.0.1', 'Mozilla/5.0 (Macintosh; Intel Mac OS X 10_15_7) AppleWebKit/537.36 (KHTML, like Gecko) Chrome/140.0.0.0 Safari/537.36', NULL, NULL, '2025-10-04 11:21:31', '2025-10-04 11:21:31'),
(30, 1, 'delete_user', 'Deleted user: Michael Rodriguez', '{\"deleted_user_id\": 5}', '127.0.0.1', 'Mozilla/5.0 (Macintosh; Intel Mac OS X 10_15_7) AppleWebKit/537.36 (KHTML, like Gecko) Chrome/140.0.0.0 Safari/537.36', NULL, NULL, '2025-10-04 12:53:23', '2025-10-04 12:53:23');

--
-- Indexes for table `departments`
--
ALTER TABLE `departments`
  ADD PRIMARY KEY (`id`),
  ADD UNIQUE KEY `departments_name_unique` (`name`),
  ADD UNIQUE KEY `departments_code_unique` (`code`),
  ADD KEY `departments_is_active_index` (`is_active`);

--
-- Indexes for table `failed_jobs`
--
ALTER TABLE `failed_jobs`
  ADD PRIMARY KEY (`id`),
  ADD UNIQUE KEY `failed_jobs_uuid_unique` (`uuid`);

--
-- Indexes for table `footer_menus`
--
ALTER TABLE `footer_menus`
  ADD PRIMARY KEY (`id`),
  ADD UNIQUE KEY `footer_menus_slug_unique` (`slug`);

--
-- Indexes for table `footer_menu_items`
--
ALTER TABLE `footer_menu_items`
  ADD PRIMARY KEY (`id`),
  ADD KEY `footer_menu_items_footer_menu_id_foreign` (`footer_menu_id`);

--
-- Indexes for table `jobs`
--
ALTER TABLE `jobs`
  ADD PRIMARY KEY (`id`),
  ADD KEY `jobs_queue_index` (`queue`);

--
-- Indexes for table `job_batches`
--
ALTER TABLE `job_batches`
  ADD PRIMARY KEY (`id`);

--
-- Indexes for table `migrations`
--
ALTER TABLE `migrations`
  ADD PRIMARY KEY (`id`);

--
-- Indexes for table `permissions`
--
ALTER TABLE `permissions`
  ADD PRIMARY KEY (`id`),
  ADD UNIQUE KEY `permissions_name_unique` (`name`);

--
-- Indexes for table `roles`
--
ALTER TABLE `roles`
  ADD PRIMARY KEY (`id`),
  ADD UNIQUE KEY `roles_name_unique` (`name`);

--
-- Indexes for table `role_permissions`
--
ALTER TABLE `role_permissions`
  ADD PRIMARY KEY (`id`),
  ADD UNIQUE KEY `role_permissions_role_id_permission_id_unique` (`role_id`,`permission_id`),
  ADD KEY `role_permissions_permission_id_foreign` (`permission_id`);

--
-- Indexes for table `sessions`
--
ALTER TABLE `sessions`
  ADD PRIMARY KEY (`id`),
  ADD KEY `sessions_user_id_index` (`user_id`),
  ADD KEY `sessions_last_activity_index` (`last_activity`);

--
-- Indexes for table `user_activities`
--
ALTER TABLE `user_activities`
  ADD PRIMARY KEY (`id`),
  ADD KEY `user_activities_user_id_created_at_index` (`user_id`,`created_at`),
  ADD KEY `user_activities_action_created_at_index` (`action`,`created_at`),
  ADD KEY `user_activities_subject_type_subject_id_index` (`subject_type`,`subject_id`);

--
-- AUTO_INCREMENT for dumped tables
--

--
-- AUTO_INCREMENT for table `departments`
--
ALTER TABLE `departments`
  MODIFY `id` bigint(20) UNSIGNED NOT NULL AUTO_INCREMENT, AUTO_INCREMENT=5;

--
-- AUTO_INCREMENT for table `failed_jobs`
--
ALTER TABLE `failed_jobs`
  MODIFY `id` bigint(20) UNSIGNED NOT NULL AUTO_INCREMENT;

--
-- AUTO_INCREMENT for table `footer_menus`
--
ALTER TABLE `footer_menus`
  MODIFY `id` bigint(20) UNSIGNED NOT NULL AUTO_INCREMENT;

--
-- AUTO_INCREMENT for table `footer_menu_items`
--
ALTER TABLE `footer_menu_items`
  MODIFY `id` bigint(20) UNSIGNED NOT NULL AUTO_INCREMENT;

--
-- AUTO_INCREMENT for table `jobs`
--
ALTER TABLE `jobs`
  MODIFY `id` bigint(20) UNSIGNED NOT NULL AUTO_INCREMENT;

--
-- AUTO_INCREMENT for table `migrations`
--
ALTER TABLE `migrations`
  MODIFY `id` int(10) UNSIGNED NOT NULL AUTO_INCREMENT, AUTO_INCREMENT=39;

--
-- AUTO_INCREMENT for table `permissions`
--
ALTER TABLE `permissions`
  MODIFY `id` bigint(20) UNSIGNED NOT NULL AUTO_INCREMENT, AUTO_INCREMENT=54;

--
-- AUTO_INCREMENT for table `roles`
--
ALTER TABLE `roles`
  MODIFY `id` bigint(20) UNSIGNED NOT NULL AUTO_INCREMENT, AUTO_INCREMENT=4;

--
-- AUTO_INCREMENT for table `role_permissions`
--
ALTER TABLE `role_permissions`
  MODIFY `id` bigint(20) UNSIGNED NOT NULL AUTO_INCREMENT, AUTO_INCREMENT=65;

--
-- AUTO_INCREMENT for table `user_activities`
--
ALTER TABLE `user_activities`
  MODIFY `id` bigint(20) UNSIGNED NOT NULL AUTO_INCREMENT, AUTO_INCREMENT=31;

--
-- Constraints for dumped tables
--

--
-- Constraints for table `footer_menu_items`
--
ALTER TABLE `footer_menu_items`
  ADD CONSTRAINT `footer_menu_items_footer_menu_id_foreign` FOREIGN KEY (`footer_menu_id`) REFERENCES `footer_menus` (`id`) ON DELETE CASCADE;

--
-- Constraints for table `role_permissions`
--
ALTER TABLE `role_permissions`
  ADD CONSTRAINT `role_permissions_permission_id_foreign` FOREIGN KEY (`permission_id`) REFERENCES `permissions` (`id`) ON DELETE CASCADE,
  ADD CONSTRAINT `role_permissions_role_id_foreign` FOREIGN KEY (`role_id`) REFERENCES `roles` (`id`) ON DELETE CASCADE;

--
-- Constraints for table `user_activities`
--
ALTER TABLE `user_activities`
  ADD CONSTRAINT `user_activities_user_id_foreign` FOREIGN KEY (`user_id`) REFERENCES `users` (`id`) ON DELETE CASCADE;
COMMIT;

